{"id":3715,"date":"2025-05-07T07:57:21","date_gmt":"2025-05-07T05:57:21","guid":{"rendered":"https:\/\/schubart-gymnasium.eu\/?page_id=3715"},"modified":"2025-05-07T07:59:13","modified_gmt":"2025-05-07T05:59:13","slug":"vorbereitungsklasse-fuer-internationale-schuelerinnen-und-schueler-ohne-oder-mit-geringen-deutschkenntnissen","status":"publish","type":"page","link":"https:\/\/schubart-gymnasium.eu\/index.php\/vorbereitungsklasse-fuer-internationale-schuelerinnen-und-schueler-ohne-oder-mit-geringen-deutschkenntnissen\/","title":{"rendered":"Vorbereitungsklasse\u00a0"},"content":{"rendered":"\n<h2 class=\"wp-block-heading\">f\u00fcr internationale Sch\u00fclerinnen und Sch\u00fcler ohne oder mit geringen Deutschkenntnissen.<\/h2>\n\n\n\n<p><strong>Preparatory class for international pupils with no or little knowledge of German.<br>Almanca bilmeyen uluslararas\u0131 \u00f6\u011frenciler i\u00e7in haz\u0131rl\u0131k s\u0131n\u0131f\u0131.<br>\u041f\u0456\u0434\u0433\u043e\u0442\u043e\u0432\u0447\u0438\u0439 \u043a\u043b\u0430\u0441 \u0434\u043b\u044f \u0456\u043d\u043e\u0437\u0435\u043c\u043d\u0438\u0445 \u0443\u0447\u043d\u0456\u0432 \u0431\u0435\u0437 \u0437\u043d\u0430\u043d\u043d\u044f \u043d\u0456\u043c\u0435\u0446\u044c\u043a\u043e\u0457 \u043c\u043e\u0432\u0438.<br>Kelas persiapan untuk siswa internasional yang tidak memiliki pengetahuan bahasa Jerman.\u00a0<\/strong><\/p>\n\n\n\n<p>Schon seit Langem besuchen Sch\u00fclerinnen und Sch\u00fcler aus vielen verschiedenen L\u00e4ndern das Schubart Gymnasium. Die Anzahl dieser Sch\u00fcler hat sich im Zuge der Ukraine-Krise 2021 vervielfacht und so war es f\u00fcr uns eine Gelegenheit, im Jahr 2023 eine Vorbereitungsklasse (VKL) f\u00fcr neu zugezogene und motivierte Sch\u00fclerinnen und Sch\u00fcler einzurichten, die das Abitur in Baden-W\u00fcrttemberg anstreben.<\/p>\n\n\n\n<h2 class=\"wp-block-heading\"><strong>Inhalt und Ziel&nbsp;<\/strong><\/h2>\n\n\n\n<p>Im Februar 2025 freuen wir uns, dass die ersten zwei Sch\u00fcler und Sch\u00fclerinnen, die in 2023 in unserer Schule angekommen sind, jetzt in die Regelklasse wechseln k\u00f6nnen und sich auf den Weg zum deutschen Abitur machen.<\/p>\n\n\n\n<p>Genau das ist unser Ziel: internationale Sch\u00fclerinnen und Sch\u00fclern wollen wir m\u00f6glichst schnell den Einstieg in die deutschen Regelklassen erm\u00f6glichen. Dies soll innerhalb von zwei Schuljahren erfolgen. Nach einem drei- bis viermal j\u00e4hrlich stattfindenden Sprachtest werden die Sch\u00fclerInnen in verschiedene Gruppen der VKL eingeteilt und besuchen neben dem VKL Unterricht (Deutschkurs, Coaching in Kleingruppen, Demokratie und Landeskundeunterricht) auch m\u00f6glichst fr\u00fch eine deutsche Stammklasse.<\/p>\n\n\n\n<p>Sch\u00fcler und Sch\u00fclerinnen aus den Regelklassen unterst\u00fctzen die internationalen Sch\u00fclerInnen in dem Prozess der Integration, der weit mehr umfasst als das Lernen der deutschen Sprache. Die internationalen Sch\u00fclerinnen und Sch\u00fcler werden mit allen Anforderungen vertraut gemacht und kompetent begleitet, damit sie den Schritt an ein deutsches Gymnasium meistern k\u00f6nnen. Auch bei der Auswahl einen anderen weiterf\u00fchrenden Schule sind wir mit unserer Beratung gegebenenfalls behilflich.<\/p>\n\n\n\n<h2 class=\"wp-block-heading\"><strong>Aufnahme und Einschreibung&nbsp;<\/strong><\/h2>\n\n\n\n<p>Die Aufnahme von neuen Sch\u00fclerinnen und Sch\u00fclern aus Familien, die neu nach Ulm kommen, kann im Schuljahr jederzeit erfolgen. Bitte melden Sie sich bei Herrn Brinkmann (brinkmann@schubart-gymnasium.eu) und vereinbaren Sie einen Termin f\u00fcr ein Informations- und Aufnahmegespr\u00e4ch. (Dieses kann auch in franz\u00f6sischer, englischer, tschechischer oder ukrainischer Sprache stattfinden f\u00fcr andere Sprachen k\u00fcmmern wir uns um einen Dolmetscher, eine Dolmetscherin.)<\/p>\n\n\n\n<p>Wenn Sie neu nach Deutschland kommen, dann k\u00f6nnen Sie auf der Seite www.wegweiser-bw.de Informationen \u00fcber die Schule in Baden W\u00fcrttemberg finden. Dort ist auch Material auf Englisch, T\u00fcrkisch, Ukrainisch, Serbisch und in vielen anderen Sprachen zu finden.&nbsp;<\/p>\n\n\n\n<p>Wichtig f\u00fcr die Aufnahme ist, dass die Sch\u00fclerinnen und Sch\u00fcler eine hohe Motivation und \u00fcberdurchschnittliche Leistungsbereitschaft mitbringen. Deutschkenntnisse sind von gro\u00dfem Vorteil, aber nicht unbedingt Voraussetzung.&nbsp;<\/p>\n\n\n\n<p><em><strong>Wir freuen uns auf jede Sch\u00fclerin und jeden Sch\u00fcler, die\/der mit ihren\/seinen individuellen sprachlichen sowie kulturellen Hintergr\u00fcnden unsere vielf\u00e4ltige Schulgemeinschaft bereichert.<\/strong><\/em><\/p>\n","protected":false},"excerpt":{"rendered":"<p>f\u00fcr internationale Sch\u00fclerinnen und Sch\u00fcler ohne oder mit geringen Deutschkenntnissen. Preparatory class for international pupils with no or little knowledge of German.Almanca bilmeyen uluslararas\u0131 \u00f6\u011frenciler i\u00e7in haz\u0131rl\u0131k s\u0131n\u0131f\u0131.\u041f\u0456\u0434\u0433\u043e\u0442\u043e\u0432\u0447\u0438\u0439 \u043a\u043b\u0430\u0441 \u0434\u043b\u044f \u0456\u043d\u043e\u0437\u0435\u043c\u043d\u0438\u0445 \u0443\u0447\u043d\u0456\u0432 \u0431\u0435\u0437 \u0437\u043d\u0430\u043d\u043d\u044f \u043d\u0456\u043c\u0435\u0446\u044c\u043a\u043e\u0457 \u043c\u043e\u0432\u0438.Kelas persiapan untuk siswa internasional yang tidak memiliki pengetahuan bahasa Jerman.\u00a0 Schon seit Langem besuchen Sch\u00fclerinnen und Sch\u00fcler aus vielen [&hellip;]<\/p>\n","protected":false},"author":1,"featured_media":0,"parent":0,"menu_order":0,"comment_status":"closed","ping_status":"closed","template":"","meta":{"footnotes":""},"class_list":["post-3715","page","type-page","status-publish","hentry"],"_links":{"self":[{"href":"https:\/\/schubart-gymnasium.eu\/index.php\/wp-json\/wp\/v2\/pages\/3715","targetHints":{"allow":["GET"]}}],"collection":[{"href":"https:\/\/schubart-gymnasium.eu\/index.php\/wp-json\/wp\/v2\/pages"}],"about":[{"href":"https:\/\/schubart-gymnasium.eu\/index.php\/wp-json\/wp\/v2\/types\/page"}],"author":[{"embeddable":true,"href":"https:\/\/schubart-gymnasium.eu\/index.php\/wp-json\/wp\/v2\/users\/1"}],"replies":[{"embeddable":true,"href":"https:\/\/schubart-gymnasium.eu\/index.php\/wp-json\/wp\/v2\/comments?post=3715"}],"version-history":[{"count":2,"href":"https:\/\/schubart-gymnasium.eu\/index.php\/wp-json\/wp\/v2\/pages\/3715\/revisions"}],"predecessor-version":[{"id":3719,"href":"https:\/\/schubart-gymnasium.eu\/index.php\/wp-json\/wp\/v2\/pages\/3715\/revisions\/3719"}],"wp:attachment":[{"href":"https:\/\/schubart-gymnasium.eu\/index.php\/wp-json\/wp\/v2\/media?parent=3715"}],"curies":[{"name":"wp","href":"https:\/\/api.w.org\/{rel}","templated":true}]}}