{"id":2610,"date":"2023-02-28T12:28:33","date_gmt":"2023-02-28T11:28:33","guid":{"rendered":"https:\/\/schubart-gymnasium.eu\/?page_id=2610"},"modified":"2025-04-11T23:18:09","modified_gmt":"2025-04-11T21:18:09","slug":"informationen-zum-jugendticketbw","status":"publish","type":"page","link":"https:\/\/schubart-gymnasium.eu\/index.php\/informationen-zum-jugendticketbw\/","title":{"rendered":"Informationen zur Sch\u00fclerInnenbef\u00f6rderung"},"content":{"rendered":"\n<h3 class=\"wp-block-heading has-text-align-center info-banner\"><a href=\"https:\/\/schubart-gymnasium.eu\/wp-content\/uploads\/2025\/04\/Elternbrief-Schuelermonatskarten-SJ-2025-2026.pdf\" target=\"_blank\" rel=\"noreferrer noopener\">Fahrkartenbestellung &#8211; Informationen zur Sch\u00fclerbef\u00f6rderung vom 21.01.2025<\/a><\/h3>\n\n\n\n<h3 class=\"wp-block-heading has-text-align-center info-banner\"><a href=\"https:\/\/schubart-gymnasium.eu\/wp-content\/uploads\/2023\/12\/2023-10-23-Elternbrief-Ulme.pdf\" target=\"_blank\" rel=\"noreferrer noopener\">Umstellung vom D-Ticket auf das D-Ticket JugendBW (f\u00fcr Sch\u00fcler*innen aus Bayern, die eine Schule in BW besuchen) vom 5.12.2023<\/a><\/h3>\n\n\n\n<h3 class=\"wp-block-heading has-text-align-center info-banner\"><a href=\"https:\/\/schubart-gymnasium.eu\/wp-content\/uploads\/2023\/11\/Jugendticket-Infoschreiben-fuer-Homepage.pdf\" target=\"_blank\" rel=\"noreferrer noopener\">Infoschreiben zum JugendticketBW vom 16.11.2023<\/a><\/h3>\n\n\n\n<h3 class=\"wp-block-heading has-text-align-center info-banner\"><a href=\"https:\/\/schubart-gymnasium.eu\/wp-content\/uploads\/2023\/04\/SSUD0021223040608300.pdf\" target=\"_blank\" rel=\"noreferrer noopener\">Informationen zur Sch\u00fclerbef\u00f6rderung vom 02.03.2023<\/a><\/h3>\n\n\n\n<h3 class=\"wp-block-heading has-text-align-center info-banner\"><a rel=\"noreferrer noopener\" href=\"https:\/\/schubart-gymnasium.eu\/wp-content\/uploads\/2023\/02\/SSUD0021223022809480.pdf\" target=\"_blank\">Kurzinformation zum JugendticketBW vom 24.2.2023<\/a><\/h3>\n\n\n\n<h3 class=\"wp-block-heading has-text-align-center info-banner\"><a href=\"https:\/\/schubart-gymnasium.eu\/wp-content\/uploads\/2023\/02\/Elternbrief-zum-Jugendticket-Stadt-Ulm.pdf\">Elternbrief zum JugendticketBW vom 3.2.2023<\/a><\/h3>\n\n\n\n<h3 class=\"wp-block-heading has-text-align-center info-banner\"><a rel=\"noreferrer noopener\" href=\"https:\/\/schubart-gymnasium.eu\/wp-content\/uploads\/2023\/01\/221223_Anschreiben-JTBW_Stadt_Ulm-1.pdf\" target=\"_blank\">Informationen der Stadt Ulm zum neuen JugendticketBW vom 23.12.2022<\/a><\/h3>\n\n\n\n<h3 class=\"wp-block-heading has-text-align-center info-banner\"><a rel=\"noreferrer noopener\" href=\"https:\/\/schubart-gymnasium.eu\/wp-content\/uploads\/2023\/01\/Preisvergleich_JugendticketBW_Schuelermonatskarte.pdf\" target=\"_blank\">Preisvergleiche zwischen Sch\u00fclermonatskarte und JugendticketBW<\/a><\/h3>\n","protected":false},"excerpt":{"rendered":"<p>Fahrkartenbestellung &#8211; Informationen zur Sch\u00fclerbef\u00f6rderung vom 21.01.2025 Umstellung vom D-Ticket auf das D-Ticket JugendBW (f\u00fcr Sch\u00fcler*innen aus Bayern, die eine Schule in BW besuchen) vom 5.12.2023 Infoschreiben zum JugendticketBW vom 16.11.2023 Informationen zur Sch\u00fclerbef\u00f6rderung vom 02.03.2023 Kurzinformation zum JugendticketBW vom 24.2.2023 Elternbrief zum JugendticketBW vom 3.2.2023 Informationen der Stadt Ulm zum neuen JugendticketBW vom 23.12.2022 [&hellip;]<\/p>\n","protected":false},"author":1,"featured_media":0,"parent":0,"menu_order":0,"comment_status":"closed","ping_status":"closed","template":"","meta":{"footnotes":""},"class_list":["post-2610","page","type-page","status-publish","hentry"],"_links":{"self":[{"href":"https:\/\/schubart-gymnasium.eu\/index.php\/wp-json\/wp\/v2\/pages\/2610","targetHints":{"allow":["GET"]}}],"collection":[{"href":"https:\/\/schubart-gymnasium.eu\/index.php\/wp-json\/wp\/v2\/pages"}],"about":[{"href":"https:\/\/schubart-gymnasium.eu\/index.php\/wp-json\/wp\/v2\/types\/page"}],"author":[{"embeddable":true,"href":"https:\/\/schubart-gymnasium.eu\/index.php\/wp-json\/wp\/v2\/users\/1"}],"replies":[{"embeddable":true,"href":"https:\/\/schubart-gymnasium.eu\/index.php\/wp-json\/wp\/v2\/comments?post=2610"}],"version-history":[{"count":9,"href":"https:\/\/schubart-gymnasium.eu\/index.php\/wp-json\/wp\/v2\/pages\/2610\/revisions"}],"predecessor-version":[{"id":3704,"href":"https:\/\/schubart-gymnasium.eu\/index.php\/wp-json\/wp\/v2\/pages\/2610\/revisions\/3704"}],"wp:attachment":[{"href":"https:\/\/schubart-gymnasium.eu\/index.php\/wp-json\/wp\/v2\/media?parent=2610"}],"curies":[{"name":"wp","href":"https:\/\/api.w.org\/{rel}","templated":true}]}}