{"id":248,"date":"2020-02-12T14:12:27","date_gmt":"2020-02-12T13:12:27","guid":{"rendered":"http:\/\/10.22.21.125\/?page_id=248"},"modified":"2025-10-20T08:20:05","modified_gmt":"2025-10-20T06:20:05","slug":"lehrerkollegium","status":"publish","type":"page","link":"https:\/\/schubart-gymnasium.eu\/index.php\/startseite\/wir\/lehrerkollegium\/","title":{"rendered":"Lehrerkollegium"},"content":{"rendered":"\n<p>Wenn Sie einen Gespr\u00e4chstermin w\u00fcnschen, nehmen Sie bitte per E-Mail Kontakt auf.<br>Die Emailadresse bildet sich folgenderma\u00dfen: <strong>Email-Pr\u00e4fix[at]schubart-ulm.de<\/strong><\/p>\n\n\n\n<figure class=\"wp-block-table is-style-stripes\"><table><thead><tr><th class=\"has-text-align-left\" data-align=\"left\">Name<\/th><th class=\"has-text-align-left\" data-align=\"left\">K\u00fcrzel<\/th><th class=\"has-text-align-left\" data-align=\"left\">F\u00e4cher<\/th><th class=\"has-text-align-left\" data-align=\"left\">Email-Pr\u00e4fix<\/th><\/tr><\/thead><tbody><tr><td class=\"has-text-align-left\" data-align=\"left\">Abdulahovic, S.<\/td><td class=\"has-text-align-left\" data-align=\"left\">ABD<\/td><td class=\"has-text-align-left\" data-align=\"left\">WBS, G, WI<\/td><td class=\"has-text-align-left\" data-align=\"left\">s.abdulahovic<\/td><\/tr><tr><td class=\"has-text-align-left\" data-align=\"left\">Alan, S.<\/td><td class=\"has-text-align-left\" data-align=\"left\">ALN<\/td><td class=\"has-text-align-left\" data-align=\"left\">CH, M<\/td><td class=\"has-text-align-left\" data-align=\"left\">s.alan<\/td><\/tr><tr><td class=\"has-text-align-left\" data-align=\"left\">Anger, J.<\/td><td class=\"has-text-align-left\" data-align=\"left\">AN<\/td><td class=\"has-text-align-left\" data-align=\"left\">MUS, GEO<\/td><td class=\"has-text-align-left\" data-align=\"left\">j.anger<\/td><\/tr><tr><td class=\"has-text-align-left\" data-align=\"left\">Bilger, J.<\/td><td class=\"has-text-align-left\" data-align=\"left\">BIL<\/td><td class=\"has-text-align-left\" data-align=\"left\">IuM, M, NWT, INF<\/td><td class=\"has-text-align-left\" data-align=\"left\">j.bilger<\/td><\/tr><tr><td class=\"has-text-align-left\" data-align=\"left\">Birkner, M.<\/td><td class=\"has-text-align-left\" data-align=\"left\">BRK<\/td><td class=\"has-text-align-left\" data-align=\"left\">BIO, E<\/td><td class=\"has-text-align-left\" data-align=\"left\">m.birkner<\/td><\/tr><tr><td class=\"has-text-align-left\" data-align=\"left\">Bocks, S.<\/td><td class=\"has-text-align-left\" data-align=\"left\">BCK<\/td><td class=\"has-text-align-left\" data-align=\"left\">BIO, CH<\/td><td class=\"has-text-align-left\" data-align=\"left\">s.bocks<\/td><\/tr><tr><td class=\"has-text-align-left\" data-align=\"left\">B\u00f6rsig, P.<\/td><td class=\"has-text-align-left\" data-align=\"left\">B\u00d6R<\/td><td class=\"has-text-align-left\" data-align=\"left\">M, PH<\/td><td class=\"has-text-align-left\" data-align=\"left\">p.boersig<\/td><\/tr><tr><td class=\"has-text-align-left\" data-align=\"left\">Braasch, L.<\/td><td class=\"has-text-align-left\" data-align=\"left\">BRA<\/td><td class=\"has-text-align-left\" data-align=\"left\">G, E<\/td><td class=\"has-text-align-left\" data-align=\"left\">l.braasch<\/td><\/tr><tr><td class=\"has-text-align-left\" data-align=\"left\">Brinkmann, R.<\/td><td class=\"has-text-align-left\" data-align=\"left\">BKM<\/td><td class=\"has-text-align-left\" data-align=\"left\">F, G, D<\/td><td class=\"has-text-align-left\" data-align=\"left\">r.brinkmann<\/td><\/tr><tr><td class=\"has-text-align-left\" data-align=\"left\">Ciborovius, S.<\/td><td class=\"has-text-align-left\" data-align=\"left\">CIB<\/td><td class=\"has-text-align-left\" data-align=\"left\">M, NWT, PH<\/td><td class=\"has-text-align-left\" data-align=\"left\">s.ciborovius<\/td><\/tr><tr><td class=\"has-text-align-left\" data-align=\"left\">D\u00e4ges, G.<\/td><td class=\"has-text-align-left\" data-align=\"left\">D\u00c4G<\/td><td class=\"has-text-align-left\" data-align=\"left\">T, M, NWT, ASTRO, PH<\/td><td class=\"has-text-align-left\" data-align=\"left\">g.daeges<\/td><\/tr><tr><td class=\"has-text-align-left\" data-align=\"left\">Dinkelaker, S.<\/td><td class=\"has-text-align-left\" data-align=\"left\">DI<\/td><td class=\"has-text-align-left\" data-align=\"left\">MUS, D<\/td><td class=\"has-text-align-left\" data-align=\"left\">s.dinkelaker<\/td><\/tr><tr><td class=\"has-text-align-left\" data-align=\"left\">Dziubaty, S.<\/td><td class=\"has-text-align-left\" data-align=\"left\">DZI<\/td><td class=\"has-text-align-left\" data-align=\"left\">Schulsozialarbeiterin<\/td><td class=\"has-text-align-left\" data-align=\"left\">s.dziubaty<\/td><\/tr><tr><td class=\"has-text-align-left\" data-align=\"left\">Ebert-Janka, D.<\/td><td class=\"has-text-align-left\" data-align=\"left\">EBE<\/td><td class=\"has-text-align-left\" data-align=\"left\">D, GK, WI, WBS, SEMK<\/td><td class=\"has-text-align-left\" data-align=\"left\">d.ebert<\/td><\/tr><tr><td class=\"has-text-align-left\" data-align=\"left\">Egghart, F.<\/td><td class=\"has-text-align-left\" data-align=\"left\">EGG<\/td><td class=\"has-text-align-left\" data-align=\"left\">LIT, D, THEATER, ETH, LUT<\/td><td class=\"has-text-align-left\" data-align=\"left\">f.egghart<\/td><\/tr><tr><td class=\"has-text-align-left\" data-align=\"left\">Eigenstetter, A.<\/td><td class=\"has-text-align-left\" data-align=\"left\">EGS<\/td><td class=\"has-text-align-left\" data-align=\"left\">G, E<\/td><td class=\"has-text-align-left\" data-align=\"left\">a.eigenstetter<\/td><\/tr><tr><td class=\"has-text-align-left\" data-align=\"left\">Erche, S.<\/td><td class=\"has-text-align-left\" data-align=\"left\">ERC<\/td><td class=\"has-text-align-left\" data-align=\"left\">SEMK, M, NWT, PH<\/td><td class=\"has-text-align-left\" data-align=\"left\">s.erche<\/td><\/tr><tr><td class=\"has-text-align-left\" data-align=\"left\">Erfle, J.<\/td><td class=\"has-text-align-left\" data-align=\"left\">ERF<\/td><td class=\"has-text-align-left\" data-align=\"left\">D, E<\/td><td class=\"has-text-align-left\" data-align=\"left\">j.erfle<\/td><\/tr><tr><td class=\"has-text-align-left\" data-align=\"left\">Evers, M.<\/td><td class=\"has-text-align-left\" data-align=\"left\">EV<\/td><td class=\"has-text-align-left\" data-align=\"left\">F, E, SPO<\/td><td class=\"has-text-align-left\" data-align=\"left\">m.evers<\/td><\/tr><tr><td class=\"has-text-align-left\" data-align=\"left\">Exner, B.<\/td><td class=\"has-text-align-left\" data-align=\"left\">EX<\/td><td class=\"has-text-align-left\" data-align=\"left\">NWT, BIO, CH<\/td><td class=\"has-text-align-left\" data-align=\"left\">b.exner<\/td><\/tr><tr><td class=\"has-text-align-left\" data-align=\"left\">Fau\u00df, F.<\/td><td class=\"has-text-align-left\" data-align=\"left\">FAU<\/td><td class=\"has-text-align-left\" data-align=\"left\">M, NWT, PH<\/td><td class=\"has-text-align-left\" data-align=\"left\">f.fauss<\/td><\/tr><tr><td class=\"has-text-align-left\" data-align=\"left\">Gies, D.<\/td><td class=\"has-text-align-left\" data-align=\"left\">GS<\/td><td class=\"has-text-align-left\" data-align=\"left\">IuM, GEO, BIO, EK, NWT<\/td><td class=\"has-text-align-left\" data-align=\"left\">d.gies<\/td><\/tr><tr><td class=\"has-text-align-left\" data-align=\"left\">Gnahm, A.<\/td><td class=\"has-text-align-left\" data-align=\"left\">GN<\/td><td class=\"has-text-align-left\" data-align=\"left\">G, GK, L, WBS<\/td><td class=\"has-text-align-left\" data-align=\"left\">a.gnahm<\/td><\/tr><tr><td class=\"has-text-align-left\" data-align=\"left\">Goerschel, M.<\/td><td class=\"has-text-align-left\" data-align=\"left\">GOE<\/td><td class=\"has-text-align-left\" data-align=\"left\">G, D<\/td><td class=\"has-text-align-left\" data-align=\"left\">m.goerschel<\/td><\/tr><tr><td class=\"has-text-align-left\" data-align=\"left\">Gr\u00fcnewald-Mayr, J.<\/td><td class=\"has-text-align-left\" data-align=\"left\">G\u00dc<\/td><td class=\"has-text-align-left\" data-align=\"left\">REV<\/td><td class=\"has-text-align-left\" data-align=\"left\">j.gruenewald-mayr<\/td><\/tr><tr><td class=\"has-text-align-left\" data-align=\"left\">G\u00fchna, J-P.<\/td><td class=\"has-text-align-left\" data-align=\"left\">GHN<\/td><td class=\"has-text-align-left\" data-align=\"left\">CH, NWT, PH<\/td><td class=\"has-text-align-left\" data-align=\"left\">j.guehna<\/td><\/tr><tr><td class=\"has-text-align-left\" data-align=\"left\">Hannig, K.<\/td><td class=\"has-text-align-left\" data-align=\"left\">HG<\/td><td class=\"has-text-align-left\" data-align=\"left\">D, BK<\/td><td class=\"has-text-align-left\" data-align=\"left\">k.hannig<\/td><\/tr><tr><td class=\"has-text-align-left\" data-align=\"left\">Harfmann, M.<\/td><td class=\"has-text-align-left\" data-align=\"left\">HAR<\/td><td class=\"has-text-align-left\" data-align=\"left\">IuM, INF, M<\/td><td class=\"has-text-align-left\" data-align=\"left\">m.harfmann<\/td><\/tr><tr><td class=\"has-text-align-left\" data-align=\"left\">Hengstler, F.<\/td><td class=\"has-text-align-left\" data-align=\"left\">HGL<\/td><td class=\"has-text-align-left\" data-align=\"left\">BK, F, D, I<\/td><td class=\"has-text-align-left\" data-align=\"left\">f.hengstler<\/td><\/tr><tr><td class=\"has-text-align-left\" data-align=\"left\">H\u00f6lz, U.<\/td><td class=\"has-text-align-left\" data-align=\"left\">H\u00d6<\/td><td class=\"has-text-align-left\" data-align=\"left\">RRK, BIO<\/td><td class=\"has-text-align-left\" data-align=\"left\">u.hoelz<\/td><\/tr><tr><td class=\"has-text-align-left\" data-align=\"left\">Hurst, C.<\/td><td class=\"has-text-align-left\" data-align=\"left\">HST<\/td><td class=\"has-text-align-left\" data-align=\"left\">GEO, BK<\/td><td class=\"has-text-align-left\" data-align=\"left\">c.hurst<\/td><\/tr><tr><td class=\"has-text-align-left\" data-align=\"left\">Jahn, R.<\/td><td class=\"has-text-align-left\" data-align=\"left\">JAN<\/td><td class=\"has-text-align-left\" data-align=\"left\">MUS, E<\/td><td class=\"has-text-align-left\" data-align=\"left\">r.jahn<\/td><\/tr><tr><td class=\"has-text-align-left\" data-align=\"left\">Jung, M.<\/td><td class=\"has-text-align-left\" data-align=\"left\">JNG<\/td><td class=\"has-text-align-left\" data-align=\"left\">BIO, SPO, NWT<\/td><td class=\"has-text-align-left\" data-align=\"left\">m.jung<\/td><\/tr><tr><td class=\"has-text-align-left\" data-align=\"left\">Klein-Diesner, W.<\/td><td class=\"has-text-align-left\" data-align=\"left\">KLD<\/td><td class=\"has-text-align-left\" data-align=\"left\">M, PH<\/td><td class=\"has-text-align-left\" data-align=\"left\">w.klein-diesner<\/td><\/tr><tr><td class=\"has-text-align-left\" data-align=\"left\">Koch, S.<\/td><td class=\"has-text-align-left\" data-align=\"left\">KS<\/td><td class=\"has-text-align-left\" data-align=\"left\">D, GK, WBS<\/td><td class=\"has-text-align-left\" data-align=\"left\">s.koch<\/td><\/tr><tr><td class=\"has-text-align-left\" data-align=\"left\">Kohler, D.<\/td><td class=\"has-text-align-left\" data-align=\"left\">KHL<\/td><td class=\"has-text-align-left\" data-align=\"left\">D, M, SPO<\/td><td class=\"has-text-align-left\" data-align=\"left\">d.kohler<\/td><\/tr><tr><td class=\"has-text-align-left\" data-align=\"left\">K\u00f6hler, I.<\/td><td class=\"has-text-align-left\" data-align=\"left\">KER<\/td><td class=\"has-text-align-left\" data-align=\"left\">F, M<\/td><td class=\"has-text-align-left\" data-align=\"left\">i.koehler<\/td><\/tr><tr><td class=\"has-text-align-left\" data-align=\"left\">Krauter-Dierolf<\/td><td class=\"has-text-align-left\" data-align=\"left\">KRD<\/td><td class=\"has-text-align-left\" data-align=\"left\">REV<\/td><td class=\"has-text-align-left\" data-align=\"left\">h.krauter-dierolf<\/td><\/tr><tr><td class=\"has-text-align-left\" data-align=\"left\">Kurz, M.<\/td><td class=\"has-text-align-left\" data-align=\"left\">KRZ<\/td><td class=\"has-text-align-left\" data-align=\"left\">M, SPO<\/td><td class=\"has-text-align-left\" data-align=\"left\">m.kurz<\/td><\/tr><tr><td class=\"has-text-align-left\" data-align=\"left\">Kutter, A.<\/td><td class=\"has-text-align-left\" data-align=\"left\">KUT<\/td><td class=\"has-text-align-left\" data-align=\"left\">REV<\/td><td class=\"has-text-align-left\" data-align=\"left\">a.kutter<\/td><\/tr><tr><td class=\"has-text-align-left\" data-align=\"left\">Laurer, T.<\/td><td class=\"has-text-align-left\" data-align=\"left\">LAU<\/td><td class=\"has-text-align-left\" data-align=\"left\">G, E<\/td><td class=\"has-text-align-left\" data-align=\"left\">t.laurer<\/td><\/tr><tr><td class=\"has-text-align-left\" data-align=\"left\">Lemmer, K.<\/td><td class=\"has-text-align-left\" data-align=\"left\">LEM<\/td><td class=\"has-text-align-left\" data-align=\"left\">PH, M<\/td><td class=\"has-text-align-left\" data-align=\"left\">k.lemmer<\/td><\/tr><tr><td class=\"has-text-align-left\" data-align=\"left\">Letschka, T.<\/td><td class=\"has-text-align-left\" data-align=\"left\">LE<\/td><td class=\"has-text-align-left\" data-align=\"left\">CH, M, SPO, NWT<\/td><td class=\"has-text-align-left\" data-align=\"left\">t.letschka<\/td><\/tr><tr><td class=\"has-text-align-left\" data-align=\"left\">Lorenz, A.<\/td><td class=\"has-text-align-left\" data-align=\"left\">LRZ<\/td><td class=\"has-text-align-left\" data-align=\"left\">BIO, M<\/td><td class=\"has-text-align-left\" data-align=\"left\">a.lorenz<\/td><\/tr><tr><td class=\"has-text-align-left\" data-align=\"left\">Losch, H.<\/td><td class=\"has-text-align-left\" data-align=\"left\">LSH<\/td><td class=\"has-text-align-left\" data-align=\"left\">GEO, SPO<\/td><td class=\"has-text-align-left\" data-align=\"left\">h.losch<\/td><\/tr><tr><td class=\"has-text-align-left\" data-align=\"left\">Lutz, M.<\/td><td class=\"has-text-align-left\" data-align=\"left\">LUZ<\/td><td class=\"has-text-align-left\" data-align=\"left\">G, D, ETH<\/td><td class=\"has-text-align-left\" data-align=\"left\">m.lutz<\/td><\/tr><tr><td class=\"has-text-align-left\" data-align=\"left\">Mayr, E.<\/td><td class=\"has-text-align-left\" data-align=\"left\">MAY<\/td><td class=\"has-text-align-left\" data-align=\"left\">RRK, E<\/td><td class=\"has-text-align-left\" data-align=\"left\">e.mayr<\/td><\/tr><tr><td class=\"has-text-align-left\" data-align=\"left\">Melzer, B.<\/td><td class=\"has-text-align-left\" data-align=\"left\">MLZ<\/td><td class=\"has-text-align-left\" data-align=\"left\">BIO, CH, NWT<\/td><td class=\"has-text-align-left\" data-align=\"left\">b.melzer<\/td><\/tr><tr><td class=\"has-text-align-left\" data-align=\"left\">Morath, M.<\/td><td class=\"has-text-align-left\" data-align=\"left\">MOR<\/td><td class=\"has-text-align-left\" data-align=\"left\">BK, INF<\/td><td class=\"has-text-align-left\" data-align=\"left\">m.morath<\/td><\/tr><tr><td class=\"has-text-align-left\" data-align=\"left\">Moser, L.<\/td><td class=\"has-text-align-left\" data-align=\"left\">MOS<\/td><td class=\"has-text-align-left\" data-align=\"left\">G, ETH<\/td><td class=\"has-text-align-left\" data-align=\"left\">l.moser<\/td><\/tr><tr><td class=\"has-text-align-left\" data-align=\"left\">Nuber, R.<\/td><td class=\"has-text-align-left\" data-align=\"left\">NUB<\/td><td class=\"has-text-align-left\" data-align=\"left\">RRK, L<\/td><td class=\"has-text-align-left\" data-align=\"left\">r.nuber<\/td><\/tr><tr><td class=\"has-text-align-left\" data-align=\"left\">Obert, A.<\/td><td class=\"has-text-align-left\" data-align=\"left\">OB<\/td><td class=\"has-text-align-left\" data-align=\"left\">GK, E, WBS<\/td><td class=\"has-text-align-left\" data-align=\"left\">a.obert<\/td><\/tr><tr><td class=\"has-text-align-left\" data-align=\"left\">Pengl, I.<\/td><td class=\"has-text-align-left\" data-align=\"left\">PG<\/td><td class=\"has-text-align-left\" data-align=\"left\">D, E, I<\/td><td class=\"has-text-align-left\" data-align=\"left\">i.pengl<\/td><\/tr><tr><td class=\"has-text-align-left\" data-align=\"left\">Peters, L.<\/td><td class=\"has-text-align-left\" data-align=\"left\">PTS<\/td><td class=\"has-text-align-left\" data-align=\"left\">MUS, GEO<\/td><td class=\"has-text-align-left\" data-align=\"left\">l.peters<\/td><\/tr><tr><td class=\"has-text-align-left\" data-align=\"left\">Pielenz, C.<\/td><td class=\"has-text-align-left\" data-align=\"left\">PIE<\/td><td class=\"has-text-align-left\" data-align=\"left\">D, SPO<\/td><td class=\"has-text-align-left\" data-align=\"left\">c.pielenz<\/td><\/tr><tr><td class=\"has-text-align-left\" data-align=\"left\">Plener, S.<\/td><td class=\"has-text-align-left\" data-align=\"left\">PLN<\/td><td class=\"has-text-align-left\" data-align=\"left\">F, L, E<\/td><td class=\"has-text-align-left\" data-align=\"left\">s.plener<\/td><\/tr><tr><td class=\"has-text-align-left\" data-align=\"left\">Probst, A.<\/td><td class=\"has-text-align-left\" data-align=\"left\">PRB<\/td><td class=\"has-text-align-left\" data-align=\"left\">BIO, CH, NWT<\/td><td class=\"has-text-align-left\" data-align=\"left\">a.probst<\/td><\/tr><tr><td class=\"has-text-align-left\" data-align=\"left\">Reitmayer, S.<\/td><td class=\"has-text-align-left\" data-align=\"left\">RMR<\/td><td class=\"has-text-align-left\" data-align=\"left\">D, E<\/td><td class=\"has-text-align-left\" data-align=\"left\">s.reitmayer<\/td><\/tr><tr><td class=\"has-text-align-left\" data-align=\"left\">Rettich, K.<\/td><td class=\"has-text-align-left\" data-align=\"left\">RE<\/td><td class=\"has-text-align-left\" data-align=\"left\">F, SPO<\/td><td class=\"has-text-align-left\" data-align=\"left\">k.rettich<\/td><\/tr><tr><td class=\"has-text-align-left\" data-align=\"left\">R\u00fchle, M.<\/td><td class=\"has-text-align-left\" data-align=\"left\">R\u00dcH<\/td><td class=\"has-text-align-left\" data-align=\"left\">E, CH, I<\/td><td class=\"has-text-align-left\" data-align=\"left\">m.ruehle<\/td><\/tr><tr><td class=\"has-text-align-left\" data-align=\"left\">Sch\u00e4fer, C.<\/td><td class=\"has-text-align-left\" data-align=\"left\">SFR<\/td><td class=\"has-text-align-left\" data-align=\"left\">D, L<\/td><td class=\"has-text-align-left\" data-align=\"left\">c.schaefer<\/td><\/tr><tr><td class=\"has-text-align-left\" data-align=\"left\">Schmitt, M.<\/td><td class=\"has-text-align-left\" data-align=\"left\">SMT<\/td><td class=\"has-text-align-left\" data-align=\"left\">BIO, E, NWT<\/td><td class=\"has-text-align-left\" data-align=\"left\">m.schmitt<\/td><\/tr><tr><td class=\"has-text-align-left\" data-align=\"left\">Schneider, I.<\/td><td class=\"has-text-align-left\" data-align=\"left\">SND<\/td><td class=\"has-text-align-left\" data-align=\"left\">M, NWT, ASTRO, PH<\/td><td class=\"has-text-align-left\" data-align=\"left\">i.schneider<\/td><\/tr><tr><td class=\"has-text-align-left\" data-align=\"left\">Schuller, K.<\/td><td class=\"has-text-align-left\" data-align=\"left\">SUL<\/td><td class=\"has-text-align-left\" data-align=\"left\">D<\/td><td class=\"has-text-align-left\" data-align=\"left\">k.schuller<\/td><\/tr><tr><td class=\"has-text-align-left\" data-align=\"left\">Schuster, H.<\/td><td class=\"has-text-align-left\" data-align=\"left\">SU<\/td><td class=\"has-text-align-left\" data-align=\"left\">F, SPO<\/td><td class=\"has-text-align-left\" data-align=\"left\">h.schuster<\/td><\/tr><tr><td class=\"has-text-align-left\" data-align=\"left\">Seidel, Y. Dr.<\/td><td class=\"has-text-align-left\" data-align=\"left\">SDL<\/td><td class=\"has-text-align-left\" data-align=\"left\">CH, M<\/td><td class=\"has-text-align-left\" data-align=\"left\">y.seidel<\/td><\/tr><tr><td class=\"has-text-align-left\" data-align=\"left\">Sonnenschein, L.<\/td><td class=\"has-text-align-left\" data-align=\"left\">SON<\/td><td class=\"has-text-align-left\" data-align=\"left\">SPO, BK<\/td><td class=\"has-text-align-left\" data-align=\"left\">l.sonnenschein<\/td><\/tr><tr><td class=\"has-text-align-left\" data-align=\"left\">Springkart, R.<\/td><td class=\"has-text-align-left\" data-align=\"left\">SPK<\/td><td class=\"has-text-align-left\" data-align=\"left\">F, ETH<\/td><td class=\"has-text-align-left\" data-align=\"left\">r.springkart<\/td><\/tr><tr><td class=\"has-text-align-left\" data-align=\"left\">Stebner, E.<\/td><td class=\"has-text-align-left\" data-align=\"left\">STB<\/td><td class=\"has-text-align-left\" data-align=\"left\">WI, D, GK, WBS<\/td><td class=\"has-text-align-left\" data-align=\"left\">e.stebner<\/td><\/tr><tr><td class=\"has-text-align-left\" data-align=\"left\">Stegmaier, B.<\/td><td class=\"has-text-align-left\" data-align=\"left\">SGM<\/td><td class=\"has-text-align-left\" data-align=\"left\">REV<\/td><td class=\"has-text-align-left\" data-align=\"left\">b.stegmaier<\/td><\/tr><tr><td class=\"has-text-align-left\" data-align=\"left\">Stehle, C.<\/td><td class=\"has-text-align-left\" data-align=\"left\">STE<\/td><td class=\"has-text-align-left\" data-align=\"left\">M, PH<\/td><td class=\"has-text-align-left\" data-align=\"left\">c.stehle<\/td><\/tr><tr><td class=\"has-text-align-left\" data-align=\"left\">Stetter, C.<\/td><td class=\"has-text-align-left\" data-align=\"left\">STT<\/td><td class=\"has-text-align-left\" data-align=\"left\">BIO, CH<\/td><td class=\"has-text-align-left\" data-align=\"left\">c.stetter<\/td><\/tr><tr><td class=\"has-text-align-left\" data-align=\"left\">St\u00f6kler, T.<\/td><td class=\"has-text-align-left\" data-align=\"left\">STK<\/td><td class=\"has-text-align-left\" data-align=\"left\">IuM, M, SPO, INF<\/td><td class=\"has-text-align-left\" data-align=\"left\">t.stoekler<\/td><\/tr><tr><td class=\"has-text-align-left\" data-align=\"left\">Traut, S.<\/td><td class=\"has-text-align-left\" data-align=\"left\">TT<\/td><td class=\"has-text-align-left\" data-align=\"left\">G, BIO, NWT, ETH<\/td><td class=\"has-text-align-left\" data-align=\"left\">s.traut<\/td><\/tr><tr><td class=\"has-text-align-left\" data-align=\"left\">Uebele, C.<\/td><td class=\"has-text-align-left\" data-align=\"left\">UEB<\/td><td class=\"has-text-align-left\" data-align=\"left\">GEO, D, GEOL, EK<\/td><td class=\"has-text-align-left\" data-align=\"left\">c.uebele<\/td><\/tr><tr><td class=\"has-text-align-left\" data-align=\"left\">Vins, P.<\/td><td class=\"has-text-align-left\" data-align=\"left\">VI<\/td><td class=\"has-text-align-left\" data-align=\"left\">GEO, E<\/td><td class=\"has-text-align-left\" data-align=\"left\">p.vins<\/td><\/tr><tr><td class=\"has-text-align-left\" data-align=\"left\">von Busse, A.<\/td><td class=\"has-text-align-left\" data-align=\"left\">VBU<\/td><td class=\"has-text-align-left\" data-align=\"left\">D, E<\/td><td class=\"has-text-align-left\" data-align=\"left\">a.vonbusse<\/td><\/tr><tr><td class=\"has-text-align-left\" data-align=\"left\">Wenzler, F.<\/td><td class=\"has-text-align-left\" data-align=\"left\">WNZ<\/td><td class=\"has-text-align-left\" data-align=\"left\">D, ETH, I<\/td><td class=\"has-text-align-left\" data-align=\"left\">f.wenzler<\/td><\/tr><tr><td class=\"has-text-align-left\" data-align=\"left\">Wolff, T.<\/td><td class=\"has-text-align-left\" data-align=\"left\">WF<\/td><td class=\"has-text-align-left\" data-align=\"left\">F, E<\/td><td class=\"has-text-align-left\" data-align=\"left\">t.wolff<\/td><\/tr><tr><td class=\"has-text-align-left\" data-align=\"left\">Zint, J.<\/td><td class=\"has-text-align-left\" data-align=\"left\">ZNT<\/td><td class=\"has-text-align-left\" data-align=\"left\">G, D, GK, EURY, WBS, SEMK<\/td><td class=\"has-text-align-left\" data-align=\"left\">j.zint<\/td><\/tr><\/tbody><\/table><\/figure>\n","protected":false},"excerpt":{"rendered":"<p>Wenn Sie einen Gespr\u00e4chstermin w\u00fcnschen, nehmen Sie bitte per E-Mail Kontakt auf.Die Emailadresse bildet sich folgenderma\u00dfen: Email-Pr\u00e4fix[at]schubart-ulm.de Name K\u00fcrzel F\u00e4cher Email-Pr\u00e4fix Abdulahovic, S. ABD WBS, G, WI s.abdulahovic Alan, S. ALN CH, M s.alan Anger, J. AN MUS, GEO j.anger Bilger, J. BIL IuM, M, NWT, INF j.bilger Birkner, M. BRK BIO, E m.birkner Bocks, [&hellip;]<\/p>\n","protected":false},"author":1,"featured_media":0,"parent":191,"menu_order":30,"comment_status":"closed","ping_status":"closed","template":"","meta":{"footnotes":""},"class_list":["post-248","page","type-page","status-publish","hentry"],"_links":{"self":[{"href":"https:\/\/schubart-gymnasium.eu\/index.php\/wp-json\/wp\/v2\/pages\/248","targetHints":{"allow":["GET"]}}],"collection":[{"href":"https:\/\/schubart-gymnasium.eu\/index.php\/wp-json\/wp\/v2\/pages"}],"about":[{"href":"https:\/\/schubart-gymnasium.eu\/index.php\/wp-json\/wp\/v2\/types\/page"}],"author":[{"embeddable":true,"href":"https:\/\/schubart-gymnasium.eu\/index.php\/wp-json\/wp\/v2\/users\/1"}],"replies":[{"embeddable":true,"href":"https:\/\/schubart-gymnasium.eu\/index.php\/wp-json\/wp\/v2\/comments?post=248"}],"version-history":[{"count":27,"href":"https:\/\/schubart-gymnasium.eu\/index.php\/wp-json\/wp\/v2\/pages\/248\/revisions"}],"predecessor-version":[{"id":3948,"href":"https:\/\/schubart-gymnasium.eu\/index.php\/wp-json\/wp\/v2\/pages\/248\/revisions\/3948"}],"up":[{"embeddable":true,"href":"https:\/\/schubart-gymnasium.eu\/index.php\/wp-json\/wp\/v2\/pages\/191"}],"wp:attachment":[{"href":"https:\/\/schubart-gymnasium.eu\/index.php\/wp-json\/wp\/v2\/media?parent=248"}],"curies":[{"name":"wp","href":"https:\/\/api.w.org\/{rel}","templated":true}]}}