{"id":246,"date":"2020-02-12T14:12:16","date_gmt":"2020-02-12T13:12:16","guid":{"rendered":"http:\/\/10.22.21.125\/?page_id=246"},"modified":"2025-11-11T10:21:51","modified_gmt":"2025-11-11T09:21:51","slug":"schuelerbuecherei","status":"publish","type":"page","link":"https:\/\/schubart-gymnasium.eu\/index.php\/startseite\/angebote\/schuelerbuecherei\/","title":{"rendered":"Sch\u00fclerb\u00fccherei"},"content":{"rendered":"\n<h4 class=\"wp-block-heading\">Ort &#8211; &#8222;Gartenzimmer&#8220; &#8211; vom umz\u00e4unten Pausenhof zu erreichen<\/h4>\n\n\n\n<figure class=\"wp-block-image size-full\"><img loading=\"lazy\" decoding=\"async\" width=\"640\" height=\"480\" src=\"https:\/\/schubart-gymnasium.eu\/wp-content\/uploads\/2025\/11\/SuSBib2025.jpg\" alt=\"\" class=\"wp-image-3963\" srcset=\"https:\/\/schubart-gymnasium.eu\/wp-content\/uploads\/2025\/11\/SuSBib2025.jpg 640w, https:\/\/schubart-gymnasium.eu\/wp-content\/uploads\/2025\/11\/SuSBib2025-300x225.jpg 300w\" sizes=\"auto, (max-width: 640px) 100vw, 640px\" \/><\/figure>\n\n\n\n<h4 class=\"wp-block-heading\">Leitung<\/h4>\n\n\n\n<p>Frau Gabriela Marti<\/p>\n\n\n\n<h4 class=\"wp-block-heading\">\u00d6ffnungszeiten<\/h4>\n\n\n\n<p>Dienstags und donnerstags in den Pausen<\/p>\n\n\n\n<h4 class=\"wp-block-heading\">Welche B\u00fccher sind vorhanden?<\/h4>\n\n\n\n<p>Es werden Jugendb\u00fccher (Romane, Abenteuer, Krimis, Fantasy) und \nSachb\u00fccher (Bio, Erdkunde, Mathe, Geschichte, Biografien usw.) \nausgeliehen.<\/p>\n\n\n\n<h4 class=\"wp-block-heading\">Leifrist<\/h4>\n\n\n\n<p>4 Wochen. Die Ausleihe kann zweimal verl\u00e4ngert werden. Sch\u00fcler, die B\u00fccher zu sp\u00e4t zur\u00fcck bringen bezahlen eine Geb\u00fchr.<br><\/p>\n","protected":false},"excerpt":{"rendered":"<p>Ort &#8211; &#8222;Gartenzimmer&#8220; &#8211; vom umz\u00e4unten Pausenhof zu erreichen Leitung Frau Gabriela Marti \u00d6ffnungszeiten Dienstags und donnerstags in den Pausen Welche B\u00fccher sind vorhanden? Es werden Jugendb\u00fccher (Romane, Abenteuer, Krimis, Fantasy) und Sachb\u00fccher (Bio, Erdkunde, Mathe, Geschichte, Biografien usw.) ausgeliehen. Leifrist 4 Wochen. Die Ausleihe kann zweimal verl\u00e4ngert werden. Sch\u00fcler, die B\u00fccher zu sp\u00e4t zur\u00fcck [&hellip;]<\/p>\n","protected":false},"author":1,"featured_media":0,"parent":234,"menu_order":50,"comment_status":"closed","ping_status":"closed","template":"","meta":{"footnotes":""},"class_list":["post-246","page","type-page","status-publish","hentry"],"_links":{"self":[{"href":"https:\/\/schubart-gymnasium.eu\/index.php\/wp-json\/wp\/v2\/pages\/246","targetHints":{"allow":["GET"]}}],"collection":[{"href":"https:\/\/schubart-gymnasium.eu\/index.php\/wp-json\/wp\/v2\/pages"}],"about":[{"href":"https:\/\/schubart-gymnasium.eu\/index.php\/wp-json\/wp\/v2\/types\/page"}],"author":[{"embeddable":true,"href":"https:\/\/schubart-gymnasium.eu\/index.php\/wp-json\/wp\/v2\/users\/1"}],"replies":[{"embeddable":true,"href":"https:\/\/schubart-gymnasium.eu\/index.php\/wp-json\/wp\/v2\/comments?post=246"}],"version-history":[{"count":4,"href":"https:\/\/schubart-gymnasium.eu\/index.php\/wp-json\/wp\/v2\/pages\/246\/revisions"}],"predecessor-version":[{"id":3964,"href":"https:\/\/schubart-gymnasium.eu\/index.php\/wp-json\/wp\/v2\/pages\/246\/revisions\/3964"}],"up":[{"embeddable":true,"href":"https:\/\/schubart-gymnasium.eu\/index.php\/wp-json\/wp\/v2\/pages\/234"}],"wp:attachment":[{"href":"https:\/\/schubart-gymnasium.eu\/index.php\/wp-json\/wp\/v2\/media?parent=246"}],"curies":[{"name":"wp","href":"https:\/\/api.w.org\/{rel}","templated":true}]}}