{"id":212,"date":"2020-02-12T14:07:13","date_gmt":"2020-02-12T13:07:13","guid":{"rendered":"http:\/\/10.22.21.125\/?page_id=212"},"modified":"2025-12-17T11:37:17","modified_gmt":"2025-12-17T10:37:17","slug":"bilingualer-unterricht","status":"publish","type":"page","link":"https:\/\/schubart-gymnasium.eu\/index.php\/startseite\/unterricht\/bilingualer-unterricht\/","title":{"rendered":"Bilingualer Unterricht"},"content":{"rendered":"\n<p>Geography \u2013 History \u2013 Biology \u2013 \u201eInternational Abitur BW\u201c<\/p>\n\n\n\n<p>Zukunft zweisprachig denken!<\/p>\n\n\n\n<p>Am Schubart-Gymnasium k\u00f6nnen Sch\u00fclerinnen und Sch\u00fcler den bilingualen Zug besuchen. Seit dem Schuljahr 2001 ist bilingualer Unterricht fest an unserer Schule etabliert.<\/p>\n\n\n\n<p>In den ersten beiden Jahren erh\u00e4lt die Bili-Klasse verst\u00e4rkten Englischunterricht, um die Sch\u00fclerinnen und Sch\u00fcler gut vorzubereiten. Ab der siebten Klasse werden einzelne F\u00e4cher auf Englisch unterrichtet:<\/p>\n\n\n\n<p>\u00dcbersicht \u00fcber den bilingualen Zug (Stand Okt. 2025)<\/p>\n\n\n\n<ul class=\"wp-block-list\">\n<li>Kl. 5 und 6: verst\u00e4rkter Englisch-Unterricht (insgesamt +3 Std.)<\/li>\n\n\n\n<li>Kl. 7: Geography (+1 Std.)<\/li>\n\n\n\n<li>Kl. 8: Geography (+1 Std.)<\/li>\n\n\n\n<li>Kl. 9: History (+1 Std.)<\/li>\n\n\n\n<li>Kl. 10: Biology (+1 Std.)<\/li>\n\n\n\n<li>Kl. 11: Biology (+1 Std.); History (+1 Std.)<\/li>\n<\/ul>\n\n\n\n<p>Die Inhalte sind die selben, wie im deutschsprachigen Unterricht. Jedoch wird im bilingualen Unterricht noch mehr Wert auf kreative Arbeitsformen und kooperatives Lernen gelegt.&nbsp;<\/p>\n\n\n\n<p>Auch in der Kursstufe k\u00f6nnen SuS des bilingualen Zuges Kurse belegen: Hier werden &nbsp;in der Regel Biologie und Geschichte als Basisfach oder Leistungsfach angeboten.<\/p>\n\n\n\n<p>Das \u201eInternationale Abitur Baden-W\u00fcrttemberg\u201c als zus\u00e4tzliches Zertifikat erhalten Sch\u00fclerin nen und Sch\u00fcler nur dann, wenn sie in der Kursstufe einen 5-Std. bilingualen Kurs w\u00e4hlen (also Biologie oder Geschichte) und die schriftliche Abitur-Pr\u00fcfung in diesem Fach ablegen.<\/p>\n\n\n\n<p>Mit dem erfolgreichen Bestehen des Internationalen Abiturs BW oder dem Erhalt des \u201eBilingualen Zertifikats Kursstufe\u201c haben die Absolventinnen und Absolventen automatisch das C1-Niveau (gem\u00e4\u00df des europ\u00e4ischen Referenzrahmens) in der Fremdsprache Englisch erreicht und k\u00f6nnen sich dieses zertifizieren lassen! (N\u00e4heres dazu finden Sie hier: <a href=\"https:\/\/www.europaeischer-referenzrahmen.de\/\">www.europaeischer-referenzrahmen.de<\/a>)<\/p>\n\n\n\n<p>D. Gies und A. Eigenstetter<\/p>\n","protected":false},"excerpt":{"rendered":"<p>Geography \u2013 History \u2013 Biology \u2013 \u201eInternational Abitur BW\u201c Zukunft zweisprachig denken! Am Schubart-Gymnasium k\u00f6nnen Sch\u00fclerinnen und Sch\u00fcler den bilingualen Zug besuchen. Seit dem Schuljahr 2001 ist bilingualer Unterricht fest an unserer Schule etabliert. In den ersten beiden Jahren erh\u00e4lt die Bili-Klasse verst\u00e4rkten Englischunterricht, um die Sch\u00fclerinnen und Sch\u00fcler gut vorzubereiten. Ab der siebten Klasse [&hellip;]<\/p>\n","protected":false},"author":1,"featured_media":0,"parent":205,"menu_order":20,"comment_status":"closed","ping_status":"closed","template":"","meta":{"footnotes":""},"class_list":["post-212","page","type-page","status-publish","hentry"],"_links":{"self":[{"href":"https:\/\/schubart-gymnasium.eu\/index.php\/wp-json\/wp\/v2\/pages\/212","targetHints":{"allow":["GET"]}}],"collection":[{"href":"https:\/\/schubart-gymnasium.eu\/index.php\/wp-json\/wp\/v2\/pages"}],"about":[{"href":"https:\/\/schubart-gymnasium.eu\/index.php\/wp-json\/wp\/v2\/types\/page"}],"author":[{"embeddable":true,"href":"https:\/\/schubart-gymnasium.eu\/index.php\/wp-json\/wp\/v2\/users\/1"}],"replies":[{"embeddable":true,"href":"https:\/\/schubart-gymnasium.eu\/index.php\/wp-json\/wp\/v2\/comments?post=212"}],"version-history":[{"count":10,"href":"https:\/\/schubart-gymnasium.eu\/index.php\/wp-json\/wp\/v2\/pages\/212\/revisions"}],"predecessor-version":[{"id":4207,"href":"https:\/\/schubart-gymnasium.eu\/index.php\/wp-json\/wp\/v2\/pages\/212\/revisions\/4207"}],"up":[{"embeddable":true,"href":"https:\/\/schubart-gymnasium.eu\/index.php\/wp-json\/wp\/v2\/pages\/205"}],"wp:attachment":[{"href":"https:\/\/schubart-gymnasium.eu\/index.php\/wp-json\/wp\/v2\/media?parent=212"}],"curies":[{"name":"wp","href":"https:\/\/api.w.org\/{rel}","templated":true}]}}