{"id":1751,"date":"2021-09-08T11:39:46","date_gmt":"2021-09-08T09:39:46","guid":{"rendered":"https:\/\/info.sgu.ul.bw.schule.de\/?page_id=1751"},"modified":"2025-06-05T10:58:56","modified_gmt":"2025-06-05T08:58:56","slug":"sgu-digital","status":"publish","type":"page","link":"https:\/\/schubart-gymnasium.eu\/index.php\/sgu-digital\/","title":{"rendered":"SGU digital"},"content":{"rendered":"<style>#sp-ea-1757 .spcollapsing { height: 0; overflow: hidden; transition-property: height;transition-duration: 500ms;}#sp-ea-1757.sp-easy-accordion>.sp-ea-single {margin-bottom: 10px; border: 1px solid #e2e2e2; }#sp-ea-1757.sp-easy-accordion>.sp-ea-single>.ea-header a {color: #444;}#sp-ea-1757.sp-easy-accordion>.sp-ea-single>.sp-collapse>.ea-body {background: #fff; color: #444;}#sp-ea-1757.sp-easy-accordion>.sp-ea-single {background: #eee;}#sp-ea-1757.sp-easy-accordion>.sp-ea-single>.ea-header a .ea-expand-icon { float: left; color: #444;font-size: 16px;}<\/style><div id=\"sp_easy_accordion-1695282403\"><div id=\"sp-ea-1757\" class=\"sp-ea-one sp-easy-accordion\" data-ea-active=\"ea-click\" data-ea-mode=\"vertical\" data-preloader=\"\" data-scroll-active-item=\"\" data-offset-to-scroll=\"0\"><div class=\"ea-card ea-expand sp-ea-single\"><h3 class=\"ea-header\"><a class=\"collapsed\" id=\"ea-header-17570\" role=\"button\" data-sptoggle=\"spcollapse\" data-sptarget=\"#collapse17570\" aria-controls=\"collapse17570\" href=\"#\" aria-expanded=\"true\" tabindex=\"0\"><i aria-hidden=\"true\" role=\"presentation\" class=\"ea-expand-icon eap-icon-ea-expand-minus\"><\/i> IServ<\/a><\/h3><div class=\"sp-collapse spcollapse collapsed show\" id=\"collapse17570\" data-parent=\"#sp-ea-1757\" role=\"region\" aria-labelledby=\"ea-header-17570\"> <div class=\"ea-body\"><p>IServ ist unsere Kommunikationsplattform zwischen Sch\u00fclerInnen, LehrerInnen und Eltern.<\/p><h1><a href=\"https:\/\/schubart-ulm.de\">IServ - Loginseite<\/a><\/h1><\/div><\/div><\/div><div class=\"ea-card sp-ea-single\"><h3 class=\"ea-header\"><a class=\"collapsed\" id=\"ea-header-17571\" role=\"button\" data-sptoggle=\"spcollapse\" data-sptarget=\"#collapse17571\" aria-controls=\"collapse17571\" href=\"#\" aria-expanded=\"false\" tabindex=\"0\"><i aria-hidden=\"true\" role=\"presentation\" class=\"ea-expand-icon eap-icon-ea-expand-plus\"><\/i> Moodle<\/a><\/h3><div class=\"sp-collapse spcollapse \" id=\"collapse17571\" data-parent=\"#sp-ea-1757\" role=\"region\" aria-labelledby=\"ea-header-17571\"> <div class=\"ea-body\"><p>Moodle ist unsere digitale Lernplattform. In Klassen- und Fachr\u00e4umen finden die Sch\u00fcler*innen Materialien und Links, die von Lehrer*innen hochgeladen werden.<\/p><h1><a href=\"https:\/\/moodle.schubart-ulm.de\">Moodle-Anmeldeseite<\/a><\/h1><\/div><\/div><\/div><div class=\"ea-card sp-ea-single\"><h3 class=\"ea-header\"><a class=\"collapsed\" id=\"ea-header-17572\" role=\"button\" data-sptoggle=\"spcollapse\" data-sptarget=\"#collapse17572\" aria-controls=\"collapse17572\" href=\"#\" aria-expanded=\"false\" tabindex=\"0\"><i aria-hidden=\"true\" role=\"presentation\" class=\"ea-expand-icon eap-icon-ea-expand-plus\"><\/i> WebUntis<\/a><\/h3><div class=\"sp-collapse spcollapse \" id=\"collapse17572\" data-parent=\"#sp-ea-1757\" role=\"region\" aria-labelledby=\"ea-header-17572\"> <div class=\"ea-body\"><p>WebUntis ist der digitale Stundenplan, in dem die Sch\u00fcler*innen aktuelle Stundenplan\u00e4nderungen finden.<\/p><p>WebUntis kann als App auch auf Smartphones genutzt werden. Den Link finden Sie auf der Anmeldeseite.<\/p><p>Vergessene webuntis Passw\u00f6rter k\u00f6nnen mit Hilfe einer hinterlegten e-mail Adresse zur\u00fcckgesetzt werden (BITTE bei der Anmeldung UNBEDINGT machen!!!) - im Notfall hilft die Adresse support@schubart-ulm.de weiter.<\/p><h1><a href=\"https:\/\/borys.webuntis.com\/WebUntis\/?school=Schubart+Gym+Ulm#\/basic\/login\">WebUntis-Anmeldeseite<\/a><\/h1><\/div><\/div><\/div><div class=\"ea-card sp-ea-single\"><h3 class=\"ea-header\"><a class=\"collapsed\" id=\"ea-header-17573\" role=\"button\" data-sptoggle=\"spcollapse\" data-sptarget=\"#collapse17573\" aria-controls=\"collapse17573\" href=\"#\" aria-expanded=\"false\" tabindex=\"0\"><i aria-hidden=\"true\" role=\"presentation\" class=\"ea-expand-icon eap-icon-ea-expand-plus\"><\/i> Instagram<\/a><\/h3><div class=\"sp-collapse spcollapse \" id=\"collapse17573\" data-parent=\"#sp-ea-1757\" role=\"region\" aria-labelledby=\"ea-header-17573\"> <div class=\"ea-body\"><header class=\"entry-header\"><h1 class=\"entry-title\">Das SGU bei Instagram<\/h1><\/header><div class=\"entry-content\"><h3 class=\"wp-block-heading\">Den Link zur Instagram-Seite des SGU finden Sie unter den Datenschutzhinweisen.<\/h3><p><strong>Datenschutzhinweis Instagram<\/strong><\/p><p>Wenn Sie die Instagram-Seite des Schubart-Gymnasiums Ulm aufrufen m\u00f6chten, beachten Sie bitte unseren Datenschutzhinweis f\u00fcr die Verwendung von Instagram.<\/p><p>Das Schubart-Gymnasium Ulm nutzt die technische Plattform und die Dienste der<\/p><p>Instagram LLC<br \/>1601 Willow Rd<br \/>Menlo Park CA<br \/>94025 USA<\/p><p>Diese sind verantwortlich f\u00fcr die Datenverarbeitung. Verantwortlich f\u00fcr die Datenverarbeitung von au\u00dferhalb der Vereinigten Staaten lebenden Personen ist die<\/p><p>Facebook Ireland Ltd.<br \/>4 Grand Canal Square<br \/>Grand Canal Harbour<br \/>Dublin 2, Ireland<\/p><p>Sie k\u00f6nnen mit Facebook Ireland entweder online in Kontakt treten oder sich per Post an die obenstehende Adresse richten.<\/p><p>Wir weisen darauf hin, dass Sie Instagram und dessen Funktionen in eigener Verantwortung nutzen. Dies gilt insbesondere f\u00fcr die Nutzung der interaktiven Funktionen (z.B. Kommentar, Bewertung, private Nachrichten).<\/p><p>Angaben dar\u00fcber, welche Daten durch Instagram verarbeitet werden und zu welchen Zwecken Instagram Ihre Daten nutzt, k\u00f6nnen Sie in der Datenschutzerkl\u00e4rung von Instagram nachlesen. Die Facebook Inc. Hat sich den Grunds\u00e4tzen des EU-US Privacy Shield verpflichtet.<\/p><p>Bitte beachten Sie, dass das Schubart-Gymnasium Ulm keinen Einfluss auf Art und Umfang der durch Instagram verarbeiteten Daten, die Art der Verarbeitung und Nutzung oder die Weitergabe dieser Daten an Dritte hat und die Datenverarbeitungsprozesse auch nicht kontrollieren kann.<\/p><p>Mit der Verwendung von Instagram werden Ihre personenbezogenen Daten von der Instagram Inc. Erfasst, \u00fcbertragen, gespeichert, offengelegt du verwendet und dabei unabh\u00e4ngig von Ihrem Wohnsitz in die Vereinigten Staaten, Irland und jedes andere Land, in dem die Instagram Inc. Gesch\u00e4ftlich t\u00e4tig wird, \u00fcbertragen und dort gespeichert und genutzt.<\/p><p>Die Instagram Inc. verbreitet dabei zum einen Ihre freiwillig eingegebenen Daten wie Name und Nutzername, E-Mail-Adresse, Telefonnummer oder die Kontakte Ihres Adressbuches, wenn Sie dieses hochladen oder synchronisieren.<\/p><p>Zum anderen wertet die Instagram Inc. auch die von Ihnen geteilten Inhalte daraufhin aus, an welchen Themen Sie interessiert sind und speichert und verarbeitet vertrauliche Nachrichten, die Sie direkt an andere Nutzerinnen und Nutzer schicken. Die Instagram Inc. kann Ihren Standort anhand von Geolokations-Daten wie GPS, Informationen zu Drahtlosnetzwerken oder \u00fcber Ihre IP-Adresse bestimmen, um Ihnen Werbung oder andere Inhalte zukommen zu lassen.<\/p><p>Zur Auswertung nutzt die Instagram Inc. eventuell Analyse-Tools wie Instagram- oder Google-Analytics. Das Schubart-Gymnasium Ulm hat keinen Einfluss auf eine Nutzung solcher Tools durch die Instagram Inc. und wurde \u00fcber einen solchen potenziellen Einsatz auch nicht informiert. Sollten Tools dieser Art von der Instagram Inc. f\u00fcr den Account des Schubart-Gymnasiums Ulm eingesetzte werden, hat das Schubart-Gymnasium Ulm das weder in Auftrag gegeben noch abgesegnet oder sonst in irgendeiner Art unterst\u00fctzt. Auch werden die ihm bei der Analyse gewonnen Daten nicht zur Verf\u00fcgung gestellt. Dar\u00fcber hinaus hat das Schubart-Gymnasium keine M\u00f6glichkeit, den Einsatz solcher Tools auf seinem Instagram-Account zu verhindern oder abzustellen. Lediglich bestimmte, nicht personenbezogene Informationen \u00fcber die Social-Media-Aktivit\u00e4t, also etwa die Anzahl der Profil- oder Medien-Klicks durch eine bestimmte Nutzer-Gruppe, sind f\u00fcr das Schubart-Gymnasium Ulm \u00fcber seinen Account einsehbar.<\/p><p>Schlie\u00dflich erh\u00e4lt Instagram auch Informationen, wenn Sie zum Beispiel Inhalte ansehen, auch wenn Sie keinen Account erstellt haben. Bei diesen sogenannten \u201eLog-Daten\u201c kann es sich um eine IP-Adresse, den Browsertyp, das Betriebssystem, Informationen zu der zuvor aufgerufenen Internetseite und den von Ihnen aufgerufenen Seiten, Ihrem Standort, Ihrem Mobilfunkanbieter, dem von Ihnen genutzten Endger\u00e4t (einschlie\u00dflich Ger\u00e4te-ID und Anwendungs-ID), die von Ihnen verwendeten Suchbegriffe und Cookie-Informationen handeln.<\/p><p>\u00dcber in Webseiten eingebundene Instagram-Buttons oder -Widgets und die Verwendung von Cookies ist es Instagram m\u00f6glich, Ihre Besuche auf diesen Webseiten zu erfassen und Ihrem Instagram-Profil zuzuordnen. Anhand dieser Daten k\u00f6nnen Inhalte oder Werbung auf Sie zugeschnitten angeboten werden.<\/p><p>M\u00f6glichkeiten, die Verarbeitung Ihrer Daten zu beschr\u00e4nken, haben Sie bei den allgemeinen Einstellungen Ihres Instagram-Kontos sowie zum Beispiel unter dem Punkt \u201eDatenschutz und Sicherheit\u201c. Dar\u00fcber hinaus k\u00f6nne Sie bei Mobilger\u00e4ten (wie Smartphones oder Tablets) in den dortigen Einstellm\u00f6glichkeiten den Zugriff von Instagram auf Kontakt- und Kalenderseiten, Fotos, Standortdaten und so weiter beschr\u00e4nken. Der Umfang Ihrer Einstellungsm\u00f6glichkeiten ist jedoch abh\u00e4ngig vom genutzten Betriebssystem.<\/p><p>Hier finden Sie weiterf\u00fchrende Datenschutz-Tipps f\u00fcr Instagram:<\/p><p>Datenschutz \u2013 Soziale Netzwerke: <a href=\"https:\/\/www.datenschutz.org\/soziale-netzwerke\/\">https:\/\/www.datenschutz.org\/soziale-netzwerke\/<\/a><\/p><p>Youngdata: <a href=\"https:\/\/www.youngdata.de\/\">https:\/\/www.youngdata.de\/<\/a><\/p><h2 class=\"has-text-align-center wp-block-heading\"><a href=\"https:\/\/www.instagram.com\/sguonline\/?hl=de\" target=\"_blank\" rel=\"noreferrer noopener\">Weiter zur Instagram-Seite des SGU<\/a><\/h2><\/div><\/div><\/div><\/div><div class=\"ea-card sp-ea-single\"><h3 class=\"ea-header\"><a class=\"collapsed\" id=\"ea-header-17574\" role=\"button\" data-sptoggle=\"spcollapse\" data-sptarget=\"#collapse17574\" aria-controls=\"collapse17574\" href=\"#\" aria-expanded=\"false\" tabindex=\"0\"><i aria-hidden=\"true\" role=\"presentation\" class=\"ea-expand-icon eap-icon-ea-expand-plus\"><\/i> Entschuldigung online einreichen<\/a><\/h3><div class=\"sp-collapse spcollapse \" id=\"collapse17574\" data-parent=\"#sp-ea-1757\" role=\"region\" aria-labelledby=\"ea-header-17574\"> <div class=\"ea-body\"><p>Entschuldigungen k\u00f6nnen ab diesem Schuljahr nicht mehr \u00fcber die Homepage eingereicht werden.<br \/>Bitte nutzen Sie daf\u00fcr IServ.<\/p><\/div><\/div><\/div><\/div><\/div>\n\n\n\n<h2 class=\"wp-block-heading\"><\/h2>\n\n\n\n<p><\/p>\n","protected":false},"excerpt":{"rendered":"","protected":false},"author":1,"featured_media":0,"parent":0,"menu_order":0,"comment_status":"closed","ping_status":"closed","template":"","meta":{"footnotes":""},"class_list":["post-1751","page","type-page","status-publish","hentry"],"_links":{"self":[{"href":"https:\/\/schubart-gymnasium.eu\/index.php\/wp-json\/wp\/v2\/pages\/1751","targetHints":{"allow":["GET"]}}],"collection":[{"href":"https:\/\/schubart-gymnasium.eu\/index.php\/wp-json\/wp\/v2\/pages"}],"about":[{"href":"https:\/\/schubart-gymnasium.eu\/index.php\/wp-json\/wp\/v2\/types\/page"}],"author":[{"embeddable":true,"href":"https:\/\/schubart-gymnasium.eu\/index.php\/wp-json\/wp\/v2\/users\/1"}],"replies":[{"embeddable":true,"href":"https:\/\/schubart-gymnasium.eu\/index.php\/wp-json\/wp\/v2\/comments?post=1751"}],"version-history":[{"count":9,"href":"https:\/\/schubart-gymnasium.eu\/index.php\/wp-json\/wp\/v2\/pages\/1751\/revisions"}],"predecessor-version":[{"id":3733,"href":"https:\/\/schubart-gymnasium.eu\/index.php\/wp-json\/wp\/v2\/pages\/1751\/revisions\/3733"}],"wp:attachment":[{"href":"https:\/\/schubart-gymnasium.eu\/index.php\/wp-json\/wp\/v2\/media?parent=1751"}],"curies":[{"name":"wp","href":"https:\/\/api.w.org\/{rel}","templated":true}]}}