{"id":1599,"date":"2021-08-30T14:09:01","date_gmt":"2021-08-30T12:09:01","guid":{"rendered":"https:\/\/info.sgu.ul.bw.schule.de\/?page_id=1599"},"modified":"2024-09-04T09:42:39","modified_gmt":"2024-09-04T07:42:39","slug":"sport","status":"publish","type":"page","link":"https:\/\/schubart-gymnasium.eu\/index.php\/startseite\/unterricht\/faecher\/sport\/","title":{"rendered":"Sport"},"content":{"rendered":"\n<div class=\"wp-block-columns is-layout-flex wp-container-core-columns-is-layout-9d6595d7 wp-block-columns-is-layout-flex\">\n<div class=\"wp-block-column is-layout-flow wp-block-column-is-layout-flow\" style=\"flex-basis:80%\"><style>#sp-ea-1598 .spcollapsing { height: 0; overflow: hidden; transition-property: height;transition-duration: 500ms;}#sp-ea-1598.sp-easy-accordion>.sp-ea-single {margin-bottom: 10px; border: 1px solid #e2e2e2; }#sp-ea-1598.sp-easy-accordion>.sp-ea-single>.ea-header a {color: #444;}#sp-ea-1598.sp-easy-accordion>.sp-ea-single>.sp-collapse>.ea-body {background: #fff; color: #444;}#sp-ea-1598.sp-easy-accordion>.sp-ea-single {background: #eee;}#sp-ea-1598.sp-easy-accordion>.sp-ea-single>.ea-header a .ea-expand-icon { float: left; color: #444;font-size: 16px;}<\/style><div id=\"sp_easy_accordion-1700139264\"><div id=\"sp-ea-1598\" class=\"sp-ea-one sp-easy-accordion\" data-ea-active=\"ea-click\" data-ea-mode=\"vertical\" data-preloader=\"\" data-scroll-active-item=\"\" data-offset-to-scroll=\"0\"><div class=\"ea-card ea-expand sp-ea-single\"><h3 class=\"ea-header\"><a class=\"collapsed\" id=\"ea-header-15980\" role=\"button\" data-sptoggle=\"spcollapse\" data-sptarget=\"#collapse15980\" aria-controls=\"collapse15980\" href=\"#\" aria-expanded=\"true\" tabindex=\"0\"><i aria-hidden=\"true\" role=\"presentation\" class=\"ea-expand-icon eap-icon-ea-expand-minus\"><\/i> Allgemeines<\/a><\/h3><div class=\"sp-collapse spcollapse collapsed show\" id=\"collapse15980\" data-parent=\"#sp-ea-1598\" role=\"region\" aria-labelledby=\"ea-header-15980\"> <div class=\"ea-body\"><p>Die Ziele des Schulsports werden durch dessen Doppelauftrag bestimmt, welcher sich als \u201eErziehung zum Sport und Erziehung im und durch den Sport\u201c beschreiben l\u00e4sst. Sportunterricht bietet den Sch\u00fclerinnen und Sch\u00fclern Gelegenheiten, durch aktive Auseinandersetzung mit vielf\u00e4ltigen sportlichen Handlungssituationen ihre motorischen Grundlagen weiter auszubilden und zu verbessern. Damit entwickeln sie ihre individuelle sportliche Leistungsf\u00e4higkeit und erwerben und vertiefen ein vielseitiges Bewegungsk\u00f6nnen. \u00dcber ein breites Sportangebot besteht f\u00fcr die Sch\u00fclerinnen und Sch\u00fcler die M\u00f6glichkeit, die f\u00fcr sie geeigneten Bewegungsaktivit\u00e4ten und Sportarten zu finden, um diese f\u00fcr sich in den Alltag zu integrieren (Erziehung zum Sport). So soll die Freude am gemeinsamen Sporttreiben geweckt und erhalten werden, damit die Sch\u00fcler in ihrem sp\u00e4teren Leben auch ohne die Institution Schule weiterhin Sport treiben (Ausz\u00fcge aus dem Bildungsplan Sport, BW, 2016).<\/p><\/div><\/div><\/div><div class=\"ea-card sp-ea-single\"><h3 class=\"ea-header\"><a class=\"collapsed\" id=\"ea-header-15981\" role=\"button\" data-sptoggle=\"spcollapse\" data-sptarget=\"#collapse15981\" aria-controls=\"collapse15981\" href=\"#\" aria-expanded=\"false\" tabindex=\"0\"><i aria-hidden=\"true\" role=\"presentation\" class=\"ea-expand-icon eap-icon-ea-expand-plus\"><\/i> Au\u00dferunterrichtliche Aktivit\u00e4ten<\/a><\/h3><div class=\"sp-collapse spcollapse \" id=\"collapse15981\" data-parent=\"#sp-ea-1598\" role=\"region\" aria-labelledby=\"ea-header-15981\"> <div class=\"ea-body\"><p>Unter dieser Zielsetzung stehen auch die au\u00dferschulischen Aktivit\u00e4ten an unserer Schule, die von den Sportlehrern zum Teil in ihrer Freizeit durchgef\u00fchrt werden.<\/p><p>In einigen Sportarten nehmen wir in den verschiedenen Altersklassen am Wettbewerb \u201eJugend trainiert f\u00fcr Olympia\u201c teil (siehe hierzu den Aushang am AG-Brett im 1. Stock).<\/p><p>Um m\u00f6glichst vielen Sch\u00fclern Erlebnisse im Sport zu erm\u00f6glichen, organisieren wir in einigen Sportarten schulinterne Turniere und Wettk\u00e4mpfe auf der Ebene von Klassenstufen oder im Rahmen von Sporttagen und Ausfahrten,<\/p><p>u.a.:<\/p><ul><li>Spieletag Klassen 6<\/li><\/ul><p>Alle wichtigen Sportinformationen werden an unserem Sportbrett im ersten Stock unseres Hauptgeb\u00e4udes angeschlagen. Wir hoffen, dass unsere Angebote von den Sch\u00fclern angenommen und sie beim Sport viel Spa\u00df und Freude haben werden.<\/p><\/div><\/div><\/div><div class=\"ea-card sp-ea-single\"><h3 class=\"ea-header\"><a class=\"collapsed\" id=\"ea-header-15982\" role=\"button\" data-sptoggle=\"spcollapse\" data-sptarget=\"#collapse15982\" aria-controls=\"collapse15982\" href=\"#\" aria-expanded=\"false\" tabindex=\"0\"><i aria-hidden=\"true\" role=\"presentation\" class=\"ea-expand-icon eap-icon-ea-expand-plus\"><\/i> Lehrwerke \/ Lehrmaterial<\/a><\/h3><div class=\"sp-collapse spcollapse \" id=\"collapse15982\" data-parent=\"#sp-ea-1598\" role=\"region\" aria-labelledby=\"ea-header-15982\"> <div class=\"ea-body\"><p class=\"greentext\">Sport 4st\u00fcndig<\/p><ul><li><p class=\"modal-title\">Friedmann, K.; G\u00f6hner, U.; K\u00f6hler, T. : KURSSTUFE SPORT - Theorie f\u00fcr das Leistungsfach, Promos-Verlag.<\/p><\/li><\/ul><\/div><\/div><\/div><div class=\"ea-card sp-ea-single\"><h3 class=\"ea-header\"><a class=\"collapsed\" id=\"ea-header-15983\" role=\"button\" data-sptoggle=\"spcollapse\" data-sptarget=\"#collapse15983\" aria-controls=\"collapse15983\" href=\"#\" aria-expanded=\"false\" tabindex=\"0\"><i aria-hidden=\"true\" role=\"presentation\" class=\"ea-expand-icon eap-icon-ea-expand-plus\"><\/i> Sonstiges\/Links<\/a><\/h3><div class=\"sp-collapse spcollapse \" id=\"collapse15983\" data-parent=\"#sp-ea-1598\" role=\"region\" aria-labelledby=\"ea-header-15983\"> <div class=\"ea-body\"><ul><li>Elterninformationen<\/li><\/ul><\/div><\/div><\/div><div class=\"ea-card sp-ea-single\"><h3 class=\"ea-header\"><a class=\"collapsed\" id=\"ea-header-15984\" role=\"button\" data-sptoggle=\"spcollapse\" data-sptarget=\"#collapse15984\" aria-controls=\"collapse15984\" href=\"#\" aria-expanded=\"false\" tabindex=\"0\"><i aria-hidden=\"true\" role=\"presentation\" class=\"ea-expand-icon eap-icon-ea-expand-plus\"><\/i> Sportlehrer f\u00fcr JtfO<\/a><\/h3><div class=\"sp-collapse spcollapse \" id=\"collapse15984\" data-parent=\"#sp-ea-1598\" role=\"region\" aria-labelledby=\"ea-header-15984\"> <div class=\"ea-body\"><p>In der unteren Liste sind Sportarten aufgef\u00fchrt, die bei Jugend trainiert f\u00fcr Olympia angeboten werden. Falls ihr in einer Sportart mitmachen wollt, so wendet euch bitte an den verantwortlichen Lehrer.<\/p><p>&nbsp;<\/p><table border=\"0\" cellspacing=\"0\" cellpadding=\"0\"><colgroup><col \/><\/colgroup><colgroup><col \/><\/colgroup><colgroup><col \/><\/colgroup><tbody><tr><td><strong>Sportart<\/strong><\/td><td><strong>Lehrer<\/strong><\/td><\/tr><tr><td height=\"33\">Basketball<\/td><td>Jung<\/td><\/tr><tr><td height=\"33\">Handball<\/td><td>Losch<\/td><\/tr><tr><td height=\"33\">Volleyball<\/td><td>St\u00f6kler<\/td><\/tr><tr><td height=\"33\">Turnen<\/td><td>Rettich<\/td><\/tr><tr><td height=\"33\">Leichtathletik<\/td><td>Ekert<\/td><\/tr><tr><td height=\"33\">Schwimmen<\/td><td>Kohler<\/td><\/tr><tr><td height=\"33\">Tennis<\/td><td>Pielenz<\/td><\/tr><tr><td height=\"33\">Langlauf<\/td><td>Rettich, Kohler<\/td><\/tr><tr><td height=\"33\">Einstein-Marathon<\/td><td>Losch<\/td><\/tr><\/tbody><\/table><p>&nbsp;<\/p><\/div><\/div><\/div><\/div><\/div>\n<\/div>\n\n\n\n<div class=\"wp-block-column is-layout-flow wp-block-column-is-layout-flow\" style=\"flex-basis:20%\">\n<h3 class=\"wp-block-heading\">Downloads<\/h3>\n\n\n\n<div class=\"wp-block-file\"><a id=\"wp-block-file--media-b70bad81-1a04-4dba-b4dd-4251e5ed7af5\" href=\"https:\/\/schubart-gymnasium.eu\/wp-content\/uploads\/2024\/09\/Infobrief-Sport-zu-Beginn-des-Schuljahres_neu-1.pdf\" target=\"_blank\" rel=\"noreferrer noopener\">Infobrief Sport zu Beginn des Schuljahres<\/a><\/div>\n<\/div>\n<\/div>\n\n\n\n<p><\/p>\n","protected":false},"excerpt":{"rendered":"<p>Downloads<\/p>\n","protected":false},"author":1,"featured_media":0,"parent":209,"menu_order":210,"comment_status":"closed","ping_status":"closed","template":"","meta":{"footnotes":""},"class_list":["post-1599","page","type-page","status-publish","hentry"],"_links":{"self":[{"href":"https:\/\/schubart-gymnasium.eu\/index.php\/wp-json\/wp\/v2\/pages\/1599","targetHints":{"allow":["GET"]}}],"collection":[{"href":"https:\/\/schubart-gymnasium.eu\/index.php\/wp-json\/wp\/v2\/pages"}],"about":[{"href":"https:\/\/schubart-gymnasium.eu\/index.php\/wp-json\/wp\/v2\/types\/page"}],"author":[{"embeddable":true,"href":"https:\/\/schubart-gymnasium.eu\/index.php\/wp-json\/wp\/v2\/users\/1"}],"replies":[{"embeddable":true,"href":"https:\/\/schubart-gymnasium.eu\/index.php\/wp-json\/wp\/v2\/comments?post=1599"}],"version-history":[{"count":6,"href":"https:\/\/schubart-gymnasium.eu\/index.php\/wp-json\/wp\/v2\/pages\/1599\/revisions"}],"predecessor-version":[{"id":3378,"href":"https:\/\/schubart-gymnasium.eu\/index.php\/wp-json\/wp\/v2\/pages\/1599\/revisions\/3378"}],"up":[{"embeddable":true,"href":"https:\/\/schubart-gymnasium.eu\/index.php\/wp-json\/wp\/v2\/pages\/209"}],"wp:attachment":[{"href":"https:\/\/schubart-gymnasium.eu\/index.php\/wp-json\/wp\/v2\/media?parent=1599"}],"curies":[{"name":"wp","href":"https:\/\/api.w.org\/{rel}","templated":true}]}}