{"id":1542,"date":"2021-08-30T12:57:59","date_gmt":"2021-08-30T10:57:59","guid":{"rendered":"https:\/\/info.sgu.ul.bw.schule.de\/?page_id=1542"},"modified":"2021-08-30T12:58:00","modified_gmt":"2021-08-30T10:58:00","slug":"chemie","status":"publish","type":"page","link":"https:\/\/schubart-gymnasium.eu\/index.php\/startseite\/unterricht\/faecher\/chemie\/","title":{"rendered":"Chemie"},"content":{"rendered":"<style>#sp-ea-1541 .spcollapsing { height: 0; overflow: hidden; transition-property: height;transition-duration: 500ms;}#sp-ea-1541.sp-easy-accordion>.sp-ea-single {margin-bottom: 10px; border: 1px solid #e2e2e2; }#sp-ea-1541.sp-easy-accordion>.sp-ea-single>.ea-header a {color: #444;}#sp-ea-1541.sp-easy-accordion>.sp-ea-single>.sp-collapse>.ea-body {background: #fff; color: #444;}#sp-ea-1541.sp-easy-accordion>.sp-ea-single {background: #eee;}#sp-ea-1541.sp-easy-accordion>.sp-ea-single>.ea-header a .ea-expand-icon { float: left; color: #444;font-size: 16px;}<\/style><div id=\"sp_easy_accordion-1736841042\"><div id=\"sp-ea-1541\" class=\"sp-ea-one sp-easy-accordion\" data-ea-active=\"ea-click\" data-ea-mode=\"vertical\" data-preloader=\"\" data-scroll-active-item=\"\" data-offset-to-scroll=\"0\"><div class=\"ea-card ea-expand sp-ea-single\"><h3 class=\"ea-header\"><a class=\"collapsed\" id=\"ea-header-15410\" role=\"button\" data-sptoggle=\"spcollapse\" data-sptarget=\"#collapse15410\" aria-controls=\"collapse15410\" href=\"#\" aria-expanded=\"true\" tabindex=\"0\"><i aria-hidden=\"true\" role=\"presentation\" class=\"ea-expand-icon eap-icon-ea-expand-minus\"><\/i> Allgemeines<\/a><\/h3><div class=\"sp-collapse spcollapse collapsed show\" id=\"collapse15410\" data-parent=\"#sp-ea-1541\" role=\"region\" aria-labelledby=\"ea-header-15410\"> <div class=\"ea-body\"><p>Wir freuen uns, dass Du auf unserer Fachschaftsseite unterwegs bist!<\/p><p><strong>Chemie \u2013 das Fach, das hinter die Kulissen der Welt schaut.<\/strong><br \/>Am Schubart-Gymnasium entdecken unsere Sch\u00fclerinnen und Sch\u00fcler, woraus alles besteht: von der Brausetablette bis zum Smartphone-Display. Im Chemieunterricht wird geforscht, gemessen, kombiniert \u2013 und vor allem experimentiert.<\/p><p>Mit typischen Arbeitsweisen der Wissenschaft untersuchen die Klassen verschiedene Stoffe, beobachten ihre Eigenschaften und entwickeln daraus clevere Modelle, die zeigen, wie Atome, Molek\u00fcle und Ionen tats\u00e4chlich \u201eticken\u201c. So wird aus Alltagsr\u00e4tseln pl\u00f6tzlich verst\u00e4ndliche Chemie \u2013 greifbar, logisch und oft \u00fcberraschend.<\/p><p>Und warum das Ganze?<br \/>Weil chemisches Wissen unseren Alltag pr\u00e4gt wie kaum ein anderes Fach: von Energie und Ern\u00e4hrung \u00fcber Materialien bis hin zur Medizin. Chemie vermittelt Kompetenzen, die echten Mehrwert bringen \u2013 f\u00fcr die Welt von heute und die Ideen von morgen.<\/p><p>Wenn Du mehr wissen m\u00f6chtest, schau bitte in die anderen Unterthemen auf dieser Seite.<\/p><\/div><\/div><\/div><div class=\"ea-card sp-ea-single\"><h3 class=\"ea-header\"><a class=\"collapsed\" id=\"ea-header-15411\" role=\"button\" data-sptoggle=\"spcollapse\" data-sptarget=\"#collapse15411\" aria-controls=\"collapse15411\" href=\"#\" aria-expanded=\"false\" tabindex=\"0\"><i aria-hidden=\"true\" role=\"presentation\" class=\"ea-expand-icon eap-icon-ea-expand-plus\"><\/i> Lehrwerke<\/a><\/h3><div class=\"sp-collapse spcollapse \" id=\"collapse15411\" data-parent=\"#sp-ea-1541\" role=\"region\" aria-labelledby=\"ea-header-15411\"> <div class=\"ea-body\"><p>Klett, Elemente Chemie Kursstufe<\/p><p>Klett, Elemente Chemie Klasse 8 bis 10<\/p><\/div><\/div><\/div><div class=\"ea-card sp-ea-single\"><h3 class=\"ea-header\"><a class=\"collapsed\" id=\"ea-header-15412\" role=\"button\" data-sptoggle=\"spcollapse\" data-sptarget=\"#collapse15412\" aria-controls=\"collapse15412\" href=\"#\" aria-expanded=\"false\" tabindex=\"0\"><i aria-hidden=\"true\" role=\"presentation\" class=\"ea-expand-icon eap-icon-ea-expand-plus\"><\/i> Curriculum<\/a><\/h3><div class=\"sp-collapse spcollapse \" id=\"collapse15412\" data-parent=\"#sp-ea-1541\" role=\"region\" aria-labelledby=\"ea-header-15412\"> <div class=\"ea-body\"><p><strong>Chemie am Schubart-Gymnasium Ulm \u2013 Wo Neugier Funken schl\u00e4gt!<\/strong><\/p><p><strong>Klasse 8:<\/strong><br \/>Wir erforschen, warum Stoffe so sind, wie sie sind \u2013 und wie man sie mit klugen Tricks wieder voneinander trennt. Im zweiten Halbjahr wagen wir uns an erste chemische Reaktionen und merken: Es zischt gar nicht so oft, wie man denkt.<\/p><p><strong>Klasse 9:<\/strong><br \/>Jetzt geht\u2019s in die Tiefe: Atomaufbau, Ionen, Metallbindungen und Elektronenpaarbindungen erkl\u00e4ren, wie die Welt zusammenh\u00e4lt. Intermolekulare Kr\u00e4fte und ein erstes Treffen mit S\u00e4uren und Basen zeigen, dass Chemie erstaunlich logisch \u2013 und gelegentlich launisch \u2013 ist.<\/p><p><strong>Klasse 10:<\/strong><br \/>Von Alkanen \u00fcber verzweigte Strukturen bis hin zu Fetts\u00e4uren wird die Welt der Kohlenwasserstoffe entschl\u00fcsselt. Und mit Estern und Duftstoffen wird es pl\u00f6tzlich richtig aromatisch.<\/p><p><strong>Jahrgangsstufe 1 &amp; 2:<\/strong><br \/>Ob Gleichgewichte, Energetik, Elektrochemie (ja, inklusive Akkus!) oder Reaktionskinetik: Hier lernt man, was Reaktionen antreibt \u2013 oder bremst. Dazu kommen Zucker, Kohlenhydrate, Aminos\u00e4uren und Proteine, damit wir verstehen, wie Chemie unser Leben buchst\u00e4blich zusammenbaut.<\/p><p><a href=\"https:\/\/bildungsplaene-bw.de\/,Lde\/LS\/BP2016BW\/ALLG\/GYM\/CH.V2\" target=\"_blank\" rel=\"noopener\">Bildungsplan Chemie<\/a><\/p><\/div><\/div><\/div><div class=\"ea-card sp-ea-single\"><h3 class=\"ea-header\"><a class=\"collapsed\" id=\"ea-header-15413\" role=\"button\" data-sptoggle=\"spcollapse\" data-sptarget=\"#collapse15413\" aria-controls=\"collapse15413\" href=\"#\" aria-expanded=\"false\" tabindex=\"0\"><i aria-hidden=\"true\" role=\"presentation\" class=\"ea-expand-icon eap-icon-ea-expand-plus\"><\/i> Au\u00dferunterrichtliche Aktivit\u00e4ten<\/a><\/h3><div class=\"sp-collapse spcollapse \" id=\"collapse15413\" data-parent=\"#sp-ea-1541\" role=\"region\" aria-labelledby=\"ea-header-15413\"> <div class=\"ea-body\"><p>Wettbewerbe:<\/p><ul><li><a href=\"https:\/\/www.fcho.de\/de\/wettbewerbe.html\" target=\"_blank\" rel=\"noopener noreferrer\">Chemie-Olympiade<\/a><\/li><li><a href=\"http:\/\/www.chemie-macht-spass.de\/projekte.html\" target=\"_blank\" rel=\"noopener noreferrer\">www.chemie-macht-spass.de<\/a><\/li><li><a href=\"http:\/\/www.schule-bw.de\/faecher-und-schularten\/mathematisch-naturwissenschaftliche-faecher\/chemie\/wettbewerbe\/chemie-im-alltag-das-experiment\" target=\"_blank\" rel=\"noopener noreferrer\">Chemie im Alltag - das Experiment<\/a><\/li><li>Jugend forscht; im Rahmen der Jugend forscht AG<\/li><\/ul><\/div><\/div><\/div><div class=\"ea-card sp-ea-single\"><h3 class=\"ea-header\"><a class=\"collapsed\" id=\"ea-header-15414\" role=\"button\" data-sptoggle=\"spcollapse\" data-sptarget=\"#collapse15414\" aria-controls=\"collapse15414\" href=\"#\" aria-expanded=\"false\" tabindex=\"0\"><i aria-hidden=\"true\" role=\"presentation\" class=\"ea-expand-icon eap-icon-ea-expand-plus\"><\/i> Sonstiges \/ Links<\/a><\/h3><div class=\"sp-collapse spcollapse \" id=\"collapse15414\" data-parent=\"#sp-ea-1541\" role=\"region\" aria-labelledby=\"ea-header-15414\"> <div class=\"ea-body\"><p><a href=\"http:\/\/Leifichemie.de\" target=\"_blank\" rel=\"noopener\">Leifichemie.de<\/a><\/p><p><a href=\"http:\/\/www.mint-bildung-bw.de\/\">Seite des KM zur MINT-Strategie<\/a><\/p><h3 class=\"greentext\">Animationen<\/h3><p>Sammlung vieler Animationen, vor allem zur physikalischen und zur organischen Chemie<\/p><p><a href=\"http:\/\/www.hschickor.de\/animat.htm\" target=\"_blank\" rel=\"noopener noreferrer\">http:\/\/www.hschickor.de\/animat.htm<\/a><\/p><h3 class=\"greentext\">Chemiesoftware<\/h3><p>Chemsketch von ACD ist Freeware und erm\u00f6glicht nicht nur das Zeichnen von Molek\u00fclen. Vielmehr lassen sich die Molek\u00fcle im Raum drehen und das Programm schl\u00e4gt auch einen systematischen Namen vor. Voraussetzung ist eine kostenlose Registrierung.<\/p><p><a href=\"http:\/\/www.acdlabs.com\/download\/chemsk.html\" target=\"_blank\" rel=\"noopener noreferrer\">http:\/\/www.acdlabs.com\/download\/chemsk.html<\/a><\/p><h3 class=\"greentext\">Foren<\/h3><ul dir=\"ltr\"><li><a href=\"http:\/\/www.chemieonline.de\/forum\/forumdisplay.php?f=1\" target=\"_blank\" rel=\"noopener noreferrer\">http:\/\/www.chemieonline.de<\/a><\/li><li><a href=\"http:\/\/www.tomchemie.de\/wbb2\/index.php\" target=\"_blank\" rel=\"noopener noreferrer\">http:\/\/www.tomchemie.de<\/a><\/li><\/ul><\/div><\/div><\/div><\/div><\/div>\n","protected":false},"excerpt":{"rendered":"","protected":false},"author":1,"featured_media":0,"parent":209,"menu_order":40,"comment_status":"closed","ping_status":"closed","template":"","meta":{"footnotes":""},"class_list":["post-1542","page","type-page","status-publish","hentry"],"_links":{"self":[{"href":"https:\/\/schubart-gymnasium.eu\/index.php\/wp-json\/wp\/v2\/pages\/1542","targetHints":{"allow":["GET"]}}],"collection":[{"href":"https:\/\/schubart-gymnasium.eu\/index.php\/wp-json\/wp\/v2\/pages"}],"about":[{"href":"https:\/\/schubart-gymnasium.eu\/index.php\/wp-json\/wp\/v2\/types\/page"}],"author":[{"embeddable":true,"href":"https:\/\/schubart-gymnasium.eu\/index.php\/wp-json\/wp\/v2\/users\/1"}],"replies":[{"embeddable":true,"href":"https:\/\/schubart-gymnasium.eu\/index.php\/wp-json\/wp\/v2\/comments?post=1542"}],"version-history":[{"count":1,"href":"https:\/\/schubart-gymnasium.eu\/index.php\/wp-json\/wp\/v2\/pages\/1542\/revisions"}],"predecessor-version":[{"id":1543,"href":"https:\/\/schubart-gymnasium.eu\/index.php\/wp-json\/wp\/v2\/pages\/1542\/revisions\/1543"}],"up":[{"embeddable":true,"href":"https:\/\/schubart-gymnasium.eu\/index.php\/wp-json\/wp\/v2\/pages\/209"}],"wp:attachment":[{"href":"https:\/\/schubart-gymnasium.eu\/index.php\/wp-json\/wp\/v2\/media?parent=1542"}],"curies":[{"name":"wp","href":"https:\/\/api.w.org\/{rel}","templated":true}]}}