{"id":1354,"date":"2021-08-26T12:05:46","date_gmt":"2021-08-26T10:05:46","guid":{"rendered":"https:\/\/info.sgu.ul.bw.schule.de\/?page_id=1354"},"modified":"2024-07-16T08:05:21","modified_gmt":"2024-07-16T06:05:21","slug":"aktuelles","status":"publish","type":"page","link":"https:\/\/schubart-gymnasium.eu\/index.php\/aktuelles\/","title":{"rendered":"Aktuelles"},"content":{"rendered":"\n<div class=\"startseite-aktuelles-liste\"><div class=\"listing-item\"><a class=\"title\" href=\"https:\/\/schubart-gymnasium.eu\/index.php\/2026\/02\/11\/ronja-mayer-8b-gewinnt-den-zweiten-preis-beim-landeswettbewerb-mathematik\/\">Ronja Mayer (8b) gewinnt den zweiten Preis beim Landeswettbewerb Mathematik<\/a> <span class=\"excerpt\">Beim Landeswettbewerb Mathematik 2025\/2026 hat unsere Sch\u00fclerin Ronja Mayer in der ersten Runde einen hervorragenden 2. Platz erreicht. Sie hat sich damit f\u00fcr die zweite Runde des Wettbewerbs qualifiziert. Als Preis erhielt sie ein Buch und eine Urkunde. Nach einer erfolgreichen Teilnahme an der zweiten Runde des Wettbewerbs besteht die&hellip; <a class=\"excerpt-more\" href=\"https:\/\/schubart-gymnasium.eu\/index.php\/2026\/02\/11\/ronja-mayer-8b-gewinnt-den-zweiten-preis-beim-landeswettbewerb-mathematik\/\">Weiterlesen<\/a><\/span><\/div><div class=\"listing-item\"><a class=\"title\" href=\"https:\/\/schubart-gymnasium.eu\/index.php\/2025\/12\/03\/schueleraustausch-mit-correggio-italien-19-25-10-2025\/\">Sch\u00fcleraustausch mit Correggio (Italien), 19.-25.10.2025<\/a> <span class=\"excerpt\">In der Woche vor den Herbstferien fuhren 22 Zehntkl\u00e4ssler:innen zum Sch\u00fcleraustausch nach Correggio (Italien). Unsere italienischen Austauschpartner:innen hatten uns schon im M\u00e4rz in Deutschland besucht, deswegen war die Vorfreude sie endlich wieder zu sehen um so gr\u00f6\u00dfer.In Italien wurden wir herzlichst durch unsere Gastfamilien aufgenommen, verk\u00f6stigt und erlebten den italienischen&hellip; <a class=\"excerpt-more\" href=\"https:\/\/schubart-gymnasium.eu\/index.php\/2025\/12\/03\/schueleraustausch-mit-correggio-italien-19-25-10-2025\/\">Weiterlesen<\/a><\/span><\/div><div class=\"listing-item\"><a class=\"title\" href=\"https:\/\/schubart-gymnasium.eu\/index.php\/2025\/11\/29\/leseherbst-in-der-musikschule-autorenlesung-mit-milena-michiko-flasar\/\">Leseherbst in der Musikschule: Autorenlesung mit Milena Michiko Fla\u0161ar<\/a> <span class=\"excerpt\">Am 25. November erhielten die Jahrgangsstufe\u202f1 und die zehnten Klassen die Gelegenheit, eine besondere literarische Begegnung zu erleben. Die \u00f6sterreichische Autorin Milena Michiko Fla\u0161ar las aus ihrem 2012 erschienenen Roman \u201eIch nannte ihn Krawatte\u201c und verstand es dabei, die Sch\u00fclerinnen und Sch\u00fcler mit ihrer ruhigen, eindringlichen Erz\u00e4hlkunst zu fesseln. Die&hellip; <a class=\"excerpt-more\" href=\"https:\/\/schubart-gymnasium.eu\/index.php\/2025\/11\/29\/leseherbst-in-der-musikschule-autorenlesung-mit-milena-michiko-flasar\/\">Weiterlesen<\/a><\/span><\/div><div class=\"listing-item\"><a class=\"title\" href=\"https:\/\/schubart-gymnasium.eu\/index.php\/2025\/11\/19\/gelungener-vorlesewettbewerb-der-6-klassen-am-schubart-in-toller-atmosphaere\/\">Gelungener Vorlesewettbewerb der 6. Klassen am Schubart in toller Atmosph\u00e4re<\/a> <span class=\"excerpt\">Am 6.11.2025 war es wieder soweit: beim 65. Vorlesewettbewerb wurden die besten VorleserInnen des Schubart-Gymnasiums ausgew\u00e4hlt. Julian D., der Gewinner des Vorjahres, moderierte den Wettbewerb. Dieses Lesefest fand in sch\u00f6ner, entspannter Umgebung im Caf\u00e9 Keks statt, inklusive Sonnenstrahlen und leckerer Verpflegung. So konnten sich alle an den gelungenen Vortr\u00e4gen erfreuen.&hellip; <a class=\"excerpt-more\" href=\"https:\/\/schubart-gymnasium.eu\/index.php\/2025\/11\/19\/gelungener-vorlesewettbewerb-der-6-klassen-am-schubart-in-toller-atmosphaere\/\">Weiterlesen<\/a><\/span><\/div><div class=\"listing-item\"><a class=\"title\" href=\"https:\/\/schubart-gymnasium.eu\/index.php\/2025\/11\/12\/information-erneuerung-b10\/\">Information: Erneuerung B10<\/a> <span class=\"excerpt\">Nutzen Sie bitte f\u00fcr aktuelle Informationen die App \"Ulm baut um\" oder die Homepage ulm baut um Seitens der Stadt wurden verschiedene Kommunikationskan\u00e4le entwickelt, damit man immer wei\u00df, wo\u00b4s gerade mal wieder lang geht: BaustellenApp \u201aulm baut um\u2018 Digitaler \u201aulm baut um\u2018 - Newsletter (erscheint w\u00f6chentlich) \u201aulm baut um\u2018 -&hellip; <a class=\"excerpt-more\" href=\"https:\/\/schubart-gymnasium.eu\/index.php\/2025\/11\/12\/information-erneuerung-b10\/\">Weiterlesen<\/a><\/span><\/div><div class=\"listing-item\"><a class=\"title\" href=\"https:\/\/schubart-gymnasium.eu\/index.php\/2025\/07\/22\/geometriestaedte-der-5d\/\">Geometriest\u00e4dte der 5D<\/a> <span class=\"excerpt\">Die Klasse 5D hat im Mathematikunterricht St\u00e4dte aus geometrischen K\u00f6rpern gebaut. Die K\u00f6rper wurden bemalt und in eine passende Umgebung gesetzt. <a class=\"excerpt-more\" href=\"https:\/\/schubart-gymnasium.eu\/index.php\/2025\/07\/22\/geometriestaedte-der-5d\/\">Weiterlesen<\/a><\/span><\/div><div class=\"listing-item\"><a class=\"title\" href=\"https:\/\/schubart-gymnasium.eu\/index.php\/2025\/07\/01\/bundesjugendspiele-projekttag-klasse-9-am-02-07-2025\/\">Bundesjugendspiele\/ Projekttag Klasse 9 am 02.07.2025<\/a> <span class=\"excerpt\">Sehr geehrte, liebe Eltern, viele von Ihnen haben sich in den letzten Tagen mit berechtigten Fragen zur Durchf\u00fchrung der Bundesjugendspiele angesichts der aktuellen Wetterlage an uns gewandt. Ich m\u00f6chte Ihnen auf diesem Weg eine kurze R\u00fcckmeldung sowie einige Erl\u00e4uterungen geben: Morgen (02.07.2025) finden f\u00fcr die Klassen 5 bis 10 die&hellip; <a class=\"excerpt-more\" href=\"https:\/\/schubart-gymnasium.eu\/index.php\/2025\/07\/01\/bundesjugendspiele-projekttag-klasse-9-am-02-07-2025\/\">Weiterlesen<\/a><\/span><\/div><div class=\"listing-item\"><a class=\"title\" href=\"https:\/\/schubart-gymnasium.eu\/index.php\/2025\/06\/10\/schubart-gymnasium-ist-deutscher-meister\/\">Schubart Gymnasium ist deutscher Meister!<\/a> <span class=\"excerpt\">Am Samstag, 31. Mai 2025, war es endlich so weit: Nach einem Vizemeister-Titel (2010) sowie der schon selbstverst\u00e4ndlich gewordenen Platzierung in der Top Ten der besten Teams, haben die Senior Sharks das Finale gegen das gastgebende Team vom Otto-Hahn-Gymnasium in Ludwigsburg gewonnen und den ersten Meistertitel f\u00fcr das Senior-Team des&hellip; <a class=\"excerpt-more\" href=\"https:\/\/schubart-gymnasium.eu\/index.php\/2025\/06\/10\/schubart-gymnasium-ist-deutscher-meister\/\">Weiterlesen<\/a><\/span><\/div><div class=\"listing-item\"><a class=\"title\" href=\"https:\/\/schubart-gymnasium.eu\/index.php\/2025\/06\/10\/besuch-der-diakonie-am-sgu-im-rahmen-der-berufs-und-studienorientierung\/\">Besuch der Diakonie am SGU im Rahmen der Berufs- und Studienorientierung<\/a> <span class=\"excerpt\">Am 27. Mai 2025 fand f\u00fcr die Jahrgangsstufen 1 und 2 eine Veranstaltung mit der Diakonie statt. Sie war Teil des schulischen Programms zur Berufs- und Studienorientierung. Zu Beginn erkl\u00e4rten die Mitarbeitenden, was die Diakonie ist und welche Aufgaben sie \u00fcbernimmt. Sie unterst\u00fctzt Menschen in schwierigen Lebenslagen - zum Beispiel&hellip; <a class=\"excerpt-more\" href=\"https:\/\/schubart-gymnasium.eu\/index.php\/2025\/06\/10\/besuch-der-diakonie-am-sgu-im-rahmen-der-berufs-und-studienorientierung\/\">Weiterlesen<\/a><\/span><\/div><div class=\"listing-item\"><a class=\"title\" href=\"https:\/\/schubart-gymnasium.eu\/index.php\/2025\/06\/10\/leselenz-am-sgu-autorenlesung-von-mathias-nawrat\/\">Leselenz am SGU &#8211; Autorenlesung von Mathias Nawrat<\/a> <span class=\"excerpt\">Am Montag, dem 26.05.2025 war Mathias Nawrat am SGU um aus seinem Buch \u201eDer traurige Gast\u201c vorzulesen. In diesem Buch erz\u00e4hlt er von seiner Zeit als er nach Deutschland gekommen ist. Insgesamt hat er zwei Kapitel gelesen (und zum Schluss noch ein Gedicht), einmal als er in einem Restaurant war&hellip; <a class=\"excerpt-more\" href=\"https:\/\/schubart-gymnasium.eu\/index.php\/2025\/06\/10\/leselenz-am-sgu-autorenlesung-von-mathias-nawrat\/\">Weiterlesen<\/a><\/span><\/div><\/div>\n\n\n\n<p><\/p>\n\n\n\n<p><\/p>\n","protected":false},"excerpt":{"rendered":"","protected":false},"author":1,"featured_media":0,"parent":0,"menu_order":0,"comment_status":"closed","ping_status":"closed","template":"","meta":{"footnotes":""},"class_list":["post-1354","page","type-page","status-publish","hentry"],"_links":{"self":[{"href":"https:\/\/schubart-gymnasium.eu\/index.php\/wp-json\/wp\/v2\/pages\/1354","targetHints":{"allow":["GET"]}}],"collection":[{"href":"https:\/\/schubart-gymnasium.eu\/index.php\/wp-json\/wp\/v2\/pages"}],"about":[{"href":"https:\/\/schubart-gymnasium.eu\/index.php\/wp-json\/wp\/v2\/types\/page"}],"author":[{"embeddable":true,"href":"https:\/\/schubart-gymnasium.eu\/index.php\/wp-json\/wp\/v2\/users\/1"}],"replies":[{"embeddable":true,"href":"https:\/\/schubart-gymnasium.eu\/index.php\/wp-json\/wp\/v2\/comments?post=1354"}],"version-history":[{"count":21,"href":"https:\/\/schubart-gymnasium.eu\/index.php\/wp-json\/wp\/v2\/pages\/1354\/revisions"}],"predecessor-version":[{"id":3345,"href":"https:\/\/schubart-gymnasium.eu\/index.php\/wp-json\/wp\/v2\/pages\/1354\/revisions\/3345"}],"wp:attachment":[{"href":"https:\/\/schubart-gymnasium.eu\/index.php\/wp-json\/wp\/v2\/media?parent=1354"}],"curies":[{"name":"wp","href":"https:\/\/api.w.org\/{rel}","templated":true}]}}